Last updated on 2021-11-01 00:49:52 CET.
Flavor | Version | Tinstall | Tcheck | Ttotal | Status | Flags |
---|---|---|---|---|---|---|
r-devel-linux-x86_64-debian-clang | 1.4-4 | 98.77 | 338.74 | 437.51 | OK | |
r-devel-linux-x86_64-debian-gcc | 1.4-4 | 78.56 | 242.99 | 321.55 | OK | |
r-devel-linux-x86_64-fedora-clang | 1.4-4 | 553.49 | NOTE | |||
r-devel-linux-x86_64-fedora-gcc | 1.4-4 | 533.23 | OK | |||
r-devel-windows-x86_64 | 1.4-4 | 143.00 | 276.00 | 419.00 | NOTE | |
r-devel-windows-x86_64-gcc10-UCRT | 1.4-4 | OK | ||||
r-patched-linux-x86_64 | 1.4-4 | 95.87 | 330.62 | 426.49 | OK | |
r-patched-solaris-x86 | 1.4-4 | 569.60 | NOTE | |||
r-release-linux-x86_64 | 1.4-4 | 96.98 | 325.38 | 422.36 | OK | |
r-release-macos-arm64 | 1.4-4 | NOTE | ||||
r-release-macos-x86_64 | 1.4-4 | NOTE | ||||
r-release-windows-ix86+x86_64 | 1.4-4 | 124.00 | 297.00 | 421.00 | NOTE | |
r-oldrel-macos-x86_64 | 1.4-4 | NOTE | ||||
r-oldrel-windows-ix86+x86_64 | 1.4-4 | 126.00 | 393.00 | 519.00 | NOTE |
Version: 1.4-4
Check: installed package size
Result: NOTE
installed size is 7.4Mb
sub-directories of 1Mb or more:
R 3.0Mb
libs 2.1Mb
Flavors: r-devel-linux-x86_64-fedora-clang, r-devel-windows-x86_64, r-patched-solaris-x86, r-release-macos-arm64, r-release-macos-x86_64, r-release-windows-ix86+x86_64, r-oldrel-macos-x86_64, r-oldrel-windows-ix86+x86_64