CRAN Package Check Results for Package rtk

Last updated on 2021-11-01 00:49:52 CET.

Flavor Version Tinstall Tcheck Ttotal Status Flags
r-devel-linux-x86_64-debian-clang 0.2.6.1 51.85 33.88 85.73 OK
r-devel-linux-x86_64-debian-gcc 0.2.6.1 48.16 26.39 74.55 OK
r-devel-linux-x86_64-fedora-clang 0.2.6.1 144.41 NOTE
r-devel-linux-x86_64-fedora-gcc 0.2.6.1 131.23 OK
r-devel-windows-x86_64 0.2.6.1 68.00 52.00 120.00 OK
r-devel-windows-x86_64-gcc10-UCRT 0.2.6.1 OK
r-patched-linux-x86_64 0.2.6.1 55.84 32.99 88.83 OK
r-patched-solaris-x86 0.2.6.1 132.40 OK
r-release-linux-x86_64 0.2.6.1 55.20 32.61 87.81 OK
r-release-macos-arm64 0.2.6.1 NOTE
r-release-macos-x86_64 0.2.6.1 NOTE
r-release-windows-ix86+x86_64 0.2.6.1 113.00 64.00 177.00 OK
r-oldrel-macos-x86_64 0.2.6.1 NOTE
r-oldrel-windows-ix86+x86_64 0.2.6.1 102.00 90.00 192.00 OK

Check Details

Version: 0.2.6.1
Check: installed package size
Result: NOTE
     installed size is 6.2Mb
     sub-directories of 1Mb or more:
     libs 6.1Mb
Flavors: r-devel-linux-x86_64-fedora-clang, r-release-macos-arm64, r-release-macos-x86_64, r-oldrel-macos-x86_64