Last updated on 2021-11-01 00:49:52 CET.
Flavor | Version | Tinstall | Tcheck | Ttotal | Status | Flags |
---|---|---|---|---|---|---|
r-devel-linux-x86_64-debian-clang | 0.4.0 | 25.79 | 244.51 | 270.30 | OK | |
r-devel-linux-x86_64-debian-gcc | 0.4.0 | 20.71 | 176.77 | 197.48 | OK | |
r-devel-linux-x86_64-fedora-clang | 0.4.0 | 327.62 | NOTE | |||
r-devel-linux-x86_64-fedora-gcc | 0.4.0 | 320.52 | OK | |||
r-devel-windows-x86_64 | 0.4.0 | 44.00 | 234.00 | 278.00 | NOTE | |
r-devel-windows-x86_64-gcc10-UCRT | 0.4.0 | OK | ||||
r-patched-linux-x86_64 | 0.4.0 | 26.70 | 248.93 | 275.63 | OK | |
r-patched-solaris-x86 | 0.4.0 | 335.10 | NOTE | |||
r-release-linux-x86_64 | 0.4.0 | 22.19 | 249.38 | 271.57 | OK | |
r-release-macos-arm64 | 0.4.0 | NOTE | ||||
r-release-macos-x86_64 | 0.4.0 | NOTE | ||||
r-release-windows-ix86+x86_64 | 0.4.0 | 39.00 | 227.00 | 266.00 | NOTE | |
r-oldrel-macos-x86_64 | 0.4.0 | NOTE | ||||
r-oldrel-windows-ix86+x86_64 | 0.4.0 | 37.00 | 312.00 | 349.00 | NOTE |
Version: 0.4.0
Check: installed package size
Result: NOTE
installed size is 6.2Mb
sub-directories of 1Mb or more:
R 1.2Mb
bootstrap 1.6Mb
data 2.2Mb
Flavors: r-devel-linux-x86_64-fedora-clang, r-devel-windows-x86_64, r-patched-solaris-x86, r-release-macos-arm64, r-release-macos-x86_64, r-release-windows-ix86+x86_64, r-oldrel-macos-x86_64, r-oldrel-windows-ix86+x86_64