Last updated on 2021-11-01 00:49:52 CET.
Flavor | Version | Tinstall | Tcheck | Ttotal | Status | Flags |
---|---|---|---|---|---|---|
r-devel-linux-x86_64-debian-clang | 2.1.2 | 3.21 | 30.13 | 33.34 | OK | |
r-devel-linux-x86_64-debian-gcc | 2.1.2 | 2.19 | 23.09 | 25.28 | OK | |
r-devel-linux-x86_64-fedora-clang | 2.1.2 | 51.84 | OK | |||
r-devel-linux-x86_64-fedora-gcc | 2.1.2 | 39.99 | OK | |||
r-devel-windows-x86_64 | 2.1.2 | 27.00 | 94.00 | 121.00 | NOTE | |
r-devel-windows-x86_64-gcc10-UCRT | 2.1.2 | OK | ||||
r-patched-linux-x86_64 | 2.1.2 | 2.88 | 27.35 | 30.23 | OK | |
r-release-linux-x86_64 | 2.1.2 | 2.70 | 27.41 | 30.11 | OK | |
r-release-macos-arm64 | 2.1.2 | NOTE | ||||
r-release-macos-x86_64 | 2.1.2 | NOTE | ||||
r-release-windows-ix86+x86_64 | 2.1.2 | 27.00 | 165.00 | 192.00 | NOTE | |
r-oldrel-macos-x86_64 | 2.1.2 | NOTE | ||||
r-oldrel-windows-ix86+x86_64 | 2.1.2 | 25.00 | 203.00 | 228.00 | NOTE |
Version: 2.1.2
Check: installed package size
Result: NOTE
installed size is 15.1Mb
sub-directories of 1Mb or more:
libs 14.7Mb
Flavors: r-devel-windows-x86_64, r-release-macos-arm64, r-release-macos-x86_64, r-release-windows-ix86+x86_64, r-oldrel-macos-x86_64, r-oldrel-windows-ix86+x86_64