Last updated on 2021-11-01 00:49:52 CET.
Flavor | Version | Tinstall | Tcheck | Ttotal | Status | Flags |
---|---|---|---|---|---|---|
r-devel-linux-x86_64-debian-clang | 1.5.2 | 179.67 | 171.21 | 350.88 | OK | |
r-devel-linux-x86_64-debian-gcc | 1.5.2 | 137.15 | 127.88 | 265.03 | OK | |
r-devel-linux-x86_64-fedora-clang | 1.5.2 | 513.64 | NOTE | |||
r-devel-linux-x86_64-fedora-gcc | 1.5.2 | 461.00 | OK | |||
r-devel-windows-x86_64 | 1.5.2 | 222.00 | 193.00 | 415.00 | OK | |
r-devel-windows-x86_64-gcc10-UCRT | 1.5.2 | OK | ||||
r-patched-linux-x86_64 | 1.5.2 | 162.06 | 172.69 | 334.75 | OK | |
r-patched-solaris-x86 | 1.5.2 | 514.00 | OK | |||
r-release-linux-x86_64 | 1.5.2 | 154.40 | 174.05 | 328.45 | OK | |
r-release-macos-arm64 | 1.5.2 | NOTE | ||||
r-release-macos-x86_64 | 1.5.2 | NOTE | ||||
r-release-windows-ix86+x86_64 | 1.5.2 | 295.00 | 234.00 | 529.00 | NOTE | |
r-oldrel-macos-x86_64 | 1.5.2 | NOTE | ||||
r-oldrel-windows-ix86+x86_64 | 1.5.2 | 307.00 | 313.00 | 620.00 | NOTE |
Version: 1.5.2
Check: installed package size
Result: NOTE
installed size is 16.2Mb
sub-directories of 1Mb or more:
libs 13.7Mb
Flavors: r-devel-linux-x86_64-fedora-clang, r-release-macos-arm64, r-release-macos-x86_64, r-release-windows-ix86+x86_64, r-oldrel-macos-x86_64, r-oldrel-windows-ix86+x86_64
Version: 1.5.2
Check: Rd cross-references
Result: NOTE
Undeclared package ‘flexsurv’ in Rd xrefs
Flavor: r-devel-linux-x86_64-fedora-clang