CRAN Package Check Results for Package rsppfp

Last updated on 2021-11-01 00:49:52 CET.

Flavor Version Tinstall Tcheck Ttotal Status Flags
r-devel-linux-x86_64-debian-clang 1.0.4 5.19 62.03 67.22 NOTE
r-devel-linux-x86_64-debian-gcc 1.0.4 4.25 46.85 51.10 NOTE
r-devel-linux-x86_64-fedora-clang 1.0.4 91.38 NOTE
r-devel-linux-x86_64-fedora-gcc 1.0.4 78.12 NOTE
r-devel-windows-x86_64 1.0.4 9.00 85.00 94.00 NOTE
r-devel-windows-x86_64-gcc10-UCRT 1.0.4 NOTE
r-patched-linux-x86_64 1.0.4 5.03 60.99 66.02 NOTE
r-patched-solaris-x86 1.0.4 128.20 NOTE
r-release-linux-x86_64 1.0.4 4.17 61.43 65.60 NOTE
r-release-macos-arm64 1.0.4 NOTE
r-release-macos-x86_64 1.0.4 NOTE
r-release-windows-ix86+x86_64 1.0.4 9.00 79.00 88.00 NOTE
r-oldrel-macos-x86_64 1.0.4 OK
r-oldrel-windows-ix86+x86_64 1.0.4 10.00 105.00 115.00 OK

Check Details

Version: 1.0.4
Check: LazyData
Result: NOTE
     'LazyData' is specified without a 'data' directory
Flavors: r-devel-linux-x86_64-debian-clang, r-devel-linux-x86_64-debian-gcc, r-devel-linux-x86_64-fedora-clang, r-devel-linux-x86_64-fedora-gcc, r-devel-windows-x86_64, r-devel-windows-x86_64-gcc10-UCRT, r-patched-linux-x86_64, r-patched-solaris-x86, r-release-linux-x86_64, r-release-macos-arm64, r-release-macos-x86_64, r-release-windows-ix86+x86_64