CRAN Package Check Results for Package rscorecard

Last updated on 2021-11-01 00:49:52 CET.

Flavor Version Tinstall Tcheck Ttotal Status Flags
r-devel-linux-x86_64-debian-clang 0.20.0 3.25 30.46 33.71 OK
r-devel-linux-x86_64-debian-gcc 0.20.0 2.47 23.94 26.41 OK
r-devel-linux-x86_64-fedora-clang 0.20.0 51.56 NOTE
r-devel-linux-x86_64-fedora-gcc 0.20.0 40.98 NOTE
r-devel-windows-x86_64 0.20.0 5.00 43.00 48.00 OK
r-devel-windows-x86_64-gcc10-UCRT 0.20.0 NOTE
r-patched-linux-x86_64 0.20.0 2.90 29.25 32.15 OK
r-patched-solaris-x86 0.20.0 61.50 NOTE
r-release-linux-x86_64 0.20.0 3.25 29.35 32.60 OK
r-release-macos-arm64 0.20.0 NOTE
r-release-macos-x86_64 0.20.0 NOTE
r-release-windows-ix86+x86_64 0.20.0 6.00 42.00 48.00 OK
r-oldrel-macos-x86_64 0.20.0 NOTE
r-oldrel-windows-ix86+x86_64 0.20.0 5.00 52.00 57.00 OK

Check Details

Version: 0.20.0
Check: dependencies in R code
Result: NOTE
    Namespace in Imports field not imported from: ‘tidyselect’
     All declared Imports should be used.
Flavors: r-devel-linux-x86_64-fedora-clang, r-devel-linux-x86_64-fedora-gcc, r-devel-windows-x86_64-gcc10-UCRT, r-patched-solaris-x86, r-release-macos-arm64, r-release-macos-x86_64, r-oldrel-macos-x86_64