CRAN Package Check Results for Package rptR

Last updated on 2021-11-01 00:49:52 CET.

Flavor Version Tinstall Tcheck Ttotal Status Flags
r-devel-linux-x86_64-debian-clang 0.9.22 4.46 165.86 170.32 OK
r-devel-linux-x86_64-debian-gcc 0.9.22 3.92 123.57 127.49 OK
r-devel-linux-x86_64-fedora-clang 0.9.22 213.75 NOTE
r-devel-linux-x86_64-fedora-gcc 0.9.22 205.44 NOTE
r-devel-windows-x86_64 0.9.22 7.00 182.00 189.00 OK
r-devel-windows-x86_64-gcc10-UCRT 0.9.22 NOTE
r-patched-linux-x86_64 0.9.22 6.77 162.63 169.40 OK
r-patched-solaris-x86 0.9.22 287.30 NOTE
r-release-linux-x86_64 0.9.22 4.23 160.20 164.43 OK
r-release-macos-arm64 0.9.22 NOTE
r-release-macos-x86_64 0.9.22 NOTE
r-release-windows-ix86+x86_64 0.9.22 7.00 178.00 185.00 OK
r-oldrel-macos-x86_64 0.9.22 NOTE
r-oldrel-windows-ix86+x86_64 0.9.22 7.00 221.00 228.00 OK

Check Details

Version: 0.9.22
Check: dependencies in R code
Result: NOTE
    Namespace in Imports field not imported from: ‘methods’
     All declared Imports should be used.
Flavors: r-devel-linux-x86_64-fedora-clang, r-devel-linux-x86_64-fedora-gcc, r-devel-windows-x86_64-gcc10-UCRT, r-patched-solaris-x86, r-release-macos-arm64, r-release-macos-x86_64, r-oldrel-macos-x86_64