Last updated on 2021-11-01 00:49:51 CET.
Flavor | Version | Tinstall | Tcheck | Ttotal | Status | Flags |
---|---|---|---|---|---|---|
r-devel-linux-x86_64-debian-clang | 0.3.1 | 1.74 | 27.20 | 28.94 | OK | |
r-devel-linux-x86_64-debian-gcc | 0.3.1 | 1.64 | 21.85 | 23.49 | OK | |
r-devel-linux-x86_64-fedora-clang | 0.3.1 | 46.39 | NOTE | |||
r-devel-linux-x86_64-fedora-gcc | 0.3.1 | 35.70 | OK | |||
r-devel-windows-x86_64 | 0.3.1 | 4.00 | 38.00 | 42.00 | OK | |
r-devel-windows-x86_64-gcc10-UCRT | 0.3.1 | OK | ||||
r-patched-linux-x86_64 | 0.3.1 | 2.20 | 25.75 | 27.95 | OK | |
r-patched-solaris-x86 | 0.3.1 | 56.80 | OK | |||
r-release-linux-x86_64 | 0.3.1 | 2.21 | 25.90 | 28.11 | OK | |
r-release-macos-arm64 | 0.3.1 | OK | ||||
r-release-macos-x86_64 | 0.3.1 | OK | ||||
r-release-windows-ix86+x86_64 | 0.3.1 | 4.00 | 35.00 | 39.00 | OK | |
r-oldrel-macos-x86_64 | 0.3.1 | OK | ||||
r-oldrel-windows-ix86+x86_64 | 0.3.1 | 4.00 | 39.00 | 43.00 | OK |
Version: 0.3.1
Check: Rd cross-references
Result: NOTE
Undeclared package ‘rsoi’ in Rd xrefs
Flavor: r-devel-linux-x86_64-fedora-clang