Last updated on 2021-11-01 00:49:51 CET.
Flavor | Version | Tinstall | Tcheck | Ttotal | Status | Flags |
---|---|---|---|---|---|---|
r-devel-linux-x86_64-debian-clang | 1.6.2 | 117.55 | 98.12 | 215.67 | OK | |
r-devel-linux-x86_64-debian-gcc | 1.6.2 | 88.85 | 73.33 | 162.18 | OK | |
r-devel-linux-x86_64-fedora-clang | 1.6.2 | 323.43 | NOTE | |||
r-devel-linux-x86_64-fedora-gcc | 1.6.2 | 290.22 | OK | |||
r-devel-windows-x86_64 | 1.6.2 | 152.00 | 135.00 | 287.00 | NOTE | |
r-devel-windows-x86_64-gcc10-UCRT | 1.6.2 | OK | ||||
r-patched-linux-x86_64 | 1.6.2 | 100.94 | 92.65 | 193.59 | OK | |
r-patched-solaris-x86 | 1.6.2 | 294.10 | NOTE | |||
r-release-linux-x86_64 | 1.6.2 | 102.31 | 92.31 | 194.62 | OK | |
r-release-macos-arm64 | 1.6.2 | NOTE | ||||
r-release-macos-x86_64 | 1.6.2 | NOTE | ||||
r-release-windows-ix86+x86_64 | 1.6.2 | 216.00 | 148.00 | 364.00 | NOTE | |
r-oldrel-macos-x86_64 | 1.6.2 | NOTE | ||||
r-oldrel-windows-ix86+x86_64 | 1.6.2 | 220.00 | 181.00 | 401.00 | NOTE |
Version: 1.6.2
Check: installed package size
Result: NOTE
installed size is 9.5Mb
sub-directories of 1Mb or more:
R 1.1Mb
data 2.7Mb
libs 5.1Mb
Flavors: r-devel-linux-x86_64-fedora-clang, r-devel-windows-x86_64, r-patched-solaris-x86, r-release-macos-arm64, r-release-macos-x86_64, r-release-windows-ix86+x86_64, r-oldrel-macos-x86_64, r-oldrel-windows-ix86+x86_64