Last updated on 2021-11-01 00:49:51 CET.
Flavor | Version | Tinstall | Tcheck | Ttotal | Status | Flags |
---|---|---|---|---|---|---|
r-devel-linux-x86_64-debian-clang | 0.1.3 | 67.22 | 79.25 | 146.47 | OK | |
r-devel-linux-x86_64-debian-gcc | 0.1.3 | 54.71 | 61.16 | 115.87 | OK | |
r-devel-linux-x86_64-fedora-clang | 0.1.3 | 218.30 | OK | |||
r-devel-linux-x86_64-fedora-gcc | 0.1.3 | 194.11 | OK | |||
r-devel-windows-x86_64 | 0.1.3 | 98.00 | 84.00 | 182.00 | OK | |
r-devel-windows-x86_64-gcc10-UCRT | 0.1.3 | OK | ||||
r-patched-linux-x86_64 | 0.1.3 | 63.16 | 76.54 | 139.70 | OK | |
r-patched-solaris-x86 | 0.1.3 | 225.60 | OK | |||
r-release-linux-x86_64 | 0.1.3 | 61.04 | 77.51 | 138.55 | OK | |
r-release-macos-arm64 | 0.1.3 | NOTE | ||||
r-release-macos-x86_64 | 0.1.3 | OK | ||||
r-release-windows-ix86+x86_64 | 0.1.3 | 134.00 | 104.00 | 238.00 | OK | |
r-oldrel-macos-x86_64 | 0.1.3 | OK | ||||
r-oldrel-windows-ix86+x86_64 | 0.1.3 | 133.00 | 148.00 | 281.00 | OK |
Version: 0.1.3
Check: installed package size
Result: NOTE
installed size is 5.1Mb
sub-directories of 1Mb or more:
libs 4.9Mb
Flavor: r-release-macos-arm64