Last updated on 2021-11-01 00:49:51 CET.
Flavor | Version | Tinstall | Tcheck | Ttotal | Status | Flags |
---|---|---|---|---|---|---|
r-devel-linux-x86_64-debian-clang | 0.7.13 | 3.29 | 38.50 | 41.79 | NOTE | |
r-devel-linux-x86_64-debian-gcc | 0.7.13 | 2.41 | 29.80 | 32.21 | NOTE | |
r-devel-linux-x86_64-fedora-clang | 0.7.13 | 62.59 | NOTE | |||
r-devel-linux-x86_64-fedora-gcc | 0.7.13 | 49.52 | NOTE | |||
r-devel-windows-x86_64 | 0.7.13 | 6.00 | 45.00 | 51.00 | NOTE | |
r-devel-windows-x86_64-gcc10-UCRT | 0.7.13 | NOTE | ||||
r-patched-linux-x86_64 | 0.7.13 | 3.58 | 36.52 | 40.10 | NOTE | |
r-patched-solaris-x86 | 0.7.13 | 70.50 | NOTE | |||
r-release-linux-x86_64 | 0.7.13 | 2.67 | 36.26 | 38.93 | NOTE | |
r-release-macos-arm64 | 0.7.13 | NOTE | ||||
r-release-macos-x86_64 | 0.7.13 | NOTE | ||||
r-release-windows-ix86+x86_64 | 0.7.13 | 6.00 | 40.00 | 46.00 | NOTE | |
r-oldrel-macos-x86_64 | 0.7.13 | NOTE | ||||
r-oldrel-windows-ix86+x86_64 | 0.7.13 | 7.00 | 58.00 | 65.00 | OK |
Version: 0.7.13
Check: LazyData
Result: NOTE
'LazyData' is specified without a 'data' directory
Flavors: r-devel-linux-x86_64-debian-clang, r-devel-linux-x86_64-debian-gcc, r-devel-linux-x86_64-fedora-clang, r-devel-linux-x86_64-fedora-gcc, r-devel-windows-x86_64, r-devel-windows-x86_64-gcc10-UCRT, r-patched-linux-x86_64, r-patched-solaris-x86, r-release-linux-x86_64, r-release-macos-arm64, r-release-macos-x86_64, r-release-windows-ix86+x86_64
Version: 0.7.13
Check: dependencies in R code
Result: NOTE
Namespace in Imports field not imported from: ‘future’
All declared Imports should be used.
Flavors: r-devel-linux-x86_64-fedora-clang, r-devel-linux-x86_64-fedora-gcc, r-devel-windows-x86_64-gcc10-UCRT, r-patched-solaris-x86, r-release-macos-arm64, r-release-macos-x86_64, r-oldrel-macos-x86_64