Last updated on 2021-11-01 00:49:51 CET.
Flavor | Version | Tinstall | Tcheck | Ttotal | Status | Flags |
---|---|---|---|---|---|---|
r-devel-linux-x86_64-debian-clang | 0.1.0 | 17.59 | 25.12 | 42.71 | NOTE | |
r-devel-linux-x86_64-debian-gcc | 0.1.0 | 12.87 | 19.78 | 32.65 | NOTE | |
r-devel-linux-x86_64-fedora-clang | 0.1.0 | 72.88 | NOTE | |||
r-devel-linux-x86_64-fedora-gcc | 0.1.0 | 55.43 | NOTE | |||
r-devel-windows-x86_64 | 0.1.0 | 25.00 | 43.00 | 68.00 | NOTE | |
r-devel-windows-x86_64-gcc10-UCRT | 0.1.0 | NOTE | ||||
r-patched-linux-x86_64 | 0.1.0 | 15.66 | 24.35 | 40.01 | NOTE | |
r-patched-solaris-x86 | 0.1.0 | 72.10 | NOTE | |||
r-release-linux-x86_64 | 0.1.0 | 15.04 | 24.46 | 39.50 | NOTE | |
r-release-macos-arm64 | 0.1.0 | NOTE | ||||
r-release-macos-x86_64 | 0.1.0 | NOTE | ||||
r-release-windows-ix86+x86_64 | 0.1.0 | 41.00 | 56.00 | 97.00 | NOTE | |
r-oldrel-macos-x86_64 | 0.1.0 | NOTE | ||||
r-oldrel-windows-ix86+x86_64 | 0.1.0 | 34.00 | 69.00 | 103.00 | OK |
Version: 0.1.0
Check: LazyData
Result: NOTE
'LazyData' is specified without a 'data' directory
Flavors: r-devel-linux-x86_64-debian-clang, r-devel-linux-x86_64-debian-gcc, r-devel-linux-x86_64-fedora-clang, r-devel-linux-x86_64-fedora-gcc, r-devel-windows-x86_64, r-devel-windows-x86_64-gcc10-UCRT, r-patched-linux-x86_64, r-patched-solaris-x86, r-release-linux-x86_64, r-release-macos-arm64, r-release-macos-x86_64, r-release-windows-ix86+x86_64
Version: 0.1.0
Check: dependencies in R code
Result: NOTE
Namespace in Imports field not imported from: ‘mvtnorm’
All declared Imports should be used.
Flavors: r-devel-linux-x86_64-fedora-clang, r-devel-linux-x86_64-fedora-gcc, r-devel-windows-x86_64-gcc10-UCRT, r-patched-solaris-x86, r-release-macos-arm64, r-release-macos-x86_64, r-oldrel-macos-x86_64
Version: 0.1.0
Check: Rd cross-references
Result: NOTE
Undeclared package ‘ggm’ in Rd xrefs
Flavor: r-devel-linux-x86_64-fedora-clang