CRAN Package Check Results for Package rnr

Last updated on 2021-11-01 00:49:51 CET.

Flavor Version Tinstall Tcheck Ttotal Status Flags
r-devel-linux-x86_64-debian-clang 0.2.1 2.04 22.01 24.05 NOTE
r-devel-linux-x86_64-debian-gcc 0.2.1 1.57 17.18 18.75 NOTE
r-devel-linux-x86_64-fedora-clang 0.2.1 40.48 NOTE
r-devel-linux-x86_64-fedora-gcc 0.2.1 29.51 NOTE
r-devel-windows-x86_64 0.2.1 3.00 31.00 34.00 NOTE
r-devel-windows-x86_64-gcc10-UCRT 0.2.1 NOTE
r-patched-linux-x86_64 0.2.1 2.01 21.17 23.18 NOTE
r-patched-solaris-x86 0.2.1 46.40 NOTE
r-release-linux-x86_64 0.2.1 1.79 21.32 23.11 NOTE
r-release-macos-arm64 0.2.1 NOTE
r-release-macos-x86_64 0.2.1 NOTE
r-release-windows-ix86+x86_64 0.2.1 3.00 29.00 32.00 NOTE
r-oldrel-macos-x86_64 0.2.1 OK
r-oldrel-windows-ix86+x86_64 0.2.1 4.00 40.00 44.00 OK

Check Details

Version: 0.2.1
Check: LazyData
Result: NOTE
     'LazyData' is specified without a 'data' directory
Flavors: r-devel-linux-x86_64-debian-clang, r-devel-linux-x86_64-debian-gcc, r-devel-linux-x86_64-fedora-clang, r-devel-linux-x86_64-fedora-gcc, r-devel-windows-x86_64, r-devel-windows-x86_64-gcc10-UCRT, r-patched-linux-x86_64, r-patched-solaris-x86, r-release-linux-x86_64, r-release-macos-arm64, r-release-macos-x86_64, r-release-windows-ix86+x86_64