CRAN Package Check Results for Package rnetcarto

Last updated on 2021-11-01 00:49:51 CET.

Flavor Version Tinstall Tcheck Ttotal Status Flags
r-devel-linux-x86_64-debian-clang 0.2.4 3.68 26.66 30.34 WARN
r-devel-linux-x86_64-debian-gcc 0.2.4 3.20 20.88 24.08 WARN
r-devel-linux-x86_64-fedora-clang 0.2.4 50.09 WARN
r-devel-linux-x86_64-fedora-gcc 0.2.4 39.26 WARN
r-devel-windows-x86_64 0.2.4 7.00 41.00 48.00 WARN
r-devel-windows-x86_64-gcc10-UCRT 0.2.4 WARN
r-patched-linux-x86_64 0.2.4 3.94 25.57 29.51 WARN
r-patched-solaris-x86 0.2.4 56.70 OK
r-release-linux-x86_64 0.2.4 4.02 25.39 29.41 WARN
r-release-macos-arm64 0.2.4 OK
r-release-macos-x86_64 0.2.4 OK
r-release-windows-ix86+x86_64 0.2.4 10.00 40.00 50.00 WARN
r-oldrel-macos-x86_64 0.2.4 OK
r-oldrel-windows-ix86+x86_64 0.2.4 11.00 52.00 63.00 WARN

Check Details

Version: 0.2.4
Check: top-level files
Result: WARN
     Output from running autoreconf:
     configure.ac:30: warning: AC_OUTPUT should be used without arguments.
     configure.ac:30: You should run autoupdate.
Flavors: r-devel-linux-x86_64-debian-clang, r-devel-linux-x86_64-debian-gcc, r-patched-linux-x86_64, r-release-linux-x86_64

Version: 0.2.4
Check: re-building of vignette outputs
Result: WARN
    Error(s) in re-building vignettes:
     ...
    --- re-building 'getting-started.Rmd' using rmarkdown
    Quitting from lines 146-167 (getting-started.Rmd)
    Error: processing vignette 'getting-started.Rmd' failed with diagnostics:
    attempt to use zero-length variable name
    --- failed re-building 'getting-started.Rmd'
    
    SUMMARY: processing the following file failed:
     'getting-started.Rmd'
    
    Error: Vignette re-building failed.
    Execution halted
Flavors: r-devel-linux-x86_64-debian-clang, r-devel-linux-x86_64-debian-gcc, r-patched-linux-x86_64, r-release-linux-x86_64

Version: 0.2.4
Check: top-level files
Result: WARN
     Output from running autoreconf:
     configure.ac:30: warning: AC_OUTPUT should be used without arguments.
     configure.ac:30: You should run autoupdate.
     configure.ac:30: warning: AC_OUTPUT should be used without arguments.
     configure.ac:30: You should run autoupdate.
Flavors: r-devel-linux-x86_64-fedora-clang, r-devel-linux-x86_64-fedora-gcc

Version: 0.2.4
Check: compiled code
Result: NOTE
    File ‘rnetcarto/libs/rnetcarto.so’:
     Found no calls to: ‘R_registerRoutines’, ‘R_useDynamicSymbols’
    
    It is good practice to register native routines and to disable symbol
    search.
    
    See ‘Writing portable packages’ in the ‘Writing R Extensions’ manual.
Flavors: r-devel-linux-x86_64-fedora-clang, r-devel-linux-x86_64-fedora-gcc

Version: 0.2.4
Check: re-building of vignette outputs
Result: WARN
    Error(s) in re-building vignettes:
    --- re-building ‘getting-started.Rmd’ using rmarkdown
    Quitting from lines 146-167 (getting-started.Rmd)
    Error: processing vignette 'getting-started.Rmd' failed with diagnostics:
    attempt to use zero-length variable name
    --- failed re-building ‘getting-started.Rmd’
    
    SUMMARY: processing the following file failed:
     ‘getting-started.Rmd’
    
    Error: Vignette re-building failed.
    Execution halted
Flavors: r-devel-linux-x86_64-fedora-clang, r-devel-linux-x86_64-fedora-gcc, r-devel-windows-x86_64, r-devel-windows-x86_64-gcc10-UCRT, r-release-windows-ix86+x86_64, r-oldrel-windows-ix86+x86_64