CRAN Package Check Results for Package rnaturalearthdata

Last updated on 2021-11-01 00:49:51 CET.

Flavor Version Tinstall Tcheck Ttotal Status Flags
r-devel-linux-x86_64-debian-clang 0.1.0 9.75 30.89 40.64 OK
r-devel-linux-x86_64-debian-gcc 0.1.0 7.26 24.73 31.99 OK
r-devel-linux-x86_64-fedora-clang 0.1.0 60.09 NOTE
r-devel-linux-x86_64-fedora-gcc 0.1.0 49.31 NOTE
r-devel-windows-x86_64 0.1.0 12.00 41.00 53.00 OK
r-devel-windows-x86_64-gcc10-UCRT 0.1.0 NOTE
r-patched-linux-x86_64 0.1.0 9.28 30.09 39.37 OK
r-patched-solaris-x86 0.1.0 80.50 NOTE
r-release-linux-x86_64 0.1.0 8.43 30.42 38.85 OK
r-release-macos-arm64 0.1.0 NOTE
r-release-macos-x86_64 0.1.0 NOTE
r-release-windows-ix86+x86_64 0.1.0 11.00 40.00 51.00 OK
r-oldrel-macos-x86_64 0.1.0 NOTE
r-oldrel-windows-ix86+x86_64 0.1.0 12.00 51.00 63.00 OK

Check Details

Version: 0.1.0
Check: data for non-ASCII characters
Result: NOTE
     Note: found 133 marked Latin-1 strings
Flavors: r-devel-linux-x86_64-fedora-clang, r-devel-linux-x86_64-fedora-gcc, r-devel-windows-x86_64-gcc10-UCRT, r-patched-solaris-x86, r-release-macos-arm64, r-release-macos-x86_64, r-oldrel-macos-x86_64