Last updated on 2021-11-01 00:49:51 CET.
Flavor | Version | Tinstall | Tcheck | Ttotal | Status | Flags |
---|---|---|---|---|---|---|
r-devel-linux-x86_64-debian-clang | 1.1 | 7.14 | 48.57 | 55.71 | OK | |
r-devel-linux-x86_64-debian-gcc | 1.1 | 5.60 | 38.42 | 44.02 | OK | |
r-devel-linux-x86_64-fedora-clang | 1.1 | 74.97 | NOTE | |||
r-devel-linux-x86_64-fedora-gcc | 1.1 | 63.05 | OK | |||
r-devel-windows-x86_64 | 1.1 | 9.00 | 46.00 | 55.00 | NOTE | |
r-devel-windows-x86_64-gcc10-UCRT | 1.1 | OK | ||||
r-patched-linux-x86_64 | 1.1 | 6.79 | 47.07 | 53.86 | OK | |
r-patched-solaris-x86 | 1.1 | 90.60 | NOTE | |||
r-release-linux-x86_64 | 1.1 | 6.39 | 47.64 | 54.03 | OK | |
r-release-macos-arm64 | 1.1 | NOTE | ||||
r-release-macos-x86_64 | 1.1 | NOTE | ||||
r-release-windows-ix86+x86_64 | 1.1 | 12.00 | 46.00 | 58.00 | NOTE | |
r-oldrel-macos-x86_64 | 1.1 | NOTE | ||||
r-oldrel-windows-ix86+x86_64 | 1.1 | 10.00 | 55.00 | 65.00 | NOTE |
Version: 1.1
Check: installed package size
Result: NOTE
installed size is 12.2Mb
sub-directories of 1Mb or more:
java 12.0Mb
Flavors: r-devel-linux-x86_64-fedora-clang, r-devel-windows-x86_64, r-patched-solaris-x86, r-release-macos-arm64, r-release-macos-x86_64, r-release-windows-ix86+x86_64, r-oldrel-macos-x86_64, r-oldrel-windows-ix86+x86_64