Last updated on 2021-11-01 00:49:51 CET.
Flavor | Version | Tinstall | Tcheck | Ttotal | Status | Flags |
---|---|---|---|---|---|---|
r-devel-linux-x86_64-debian-clang | 1.10.16 | 5.14 | 35.97 | 41.11 | OK | |
r-devel-linux-x86_64-debian-gcc | 1.10.16 | 3.68 | 28.23 | 31.91 | OK | |
r-devel-linux-x86_64-fedora-clang | 1.10.16 | 61.45 | NOTE | |||
r-devel-linux-x86_64-fedora-gcc | 1.10.16 | 49.59 | NOTE | |||
r-devel-windows-x86_64 | 1.10.16 | 9.00 | 48.00 | 57.00 | OK | |
r-devel-windows-x86_64-gcc10-UCRT | 1.10.16 | NOTE | ||||
r-patched-linux-x86_64 | 1.10.16 | 5.21 | 35.06 | 40.27 | OK | |
r-patched-solaris-x86 | 1.10.16 | 77.30 | NOTE | |||
r-release-linux-x86_64 | 1.10.16 | 4.51 | 34.98 | 39.49 | OK | |
r-release-macos-arm64 | 1.10.16 | NOTE | ||||
r-release-macos-x86_64 | 1.10.16 | NOTE | ||||
r-release-windows-ix86+x86_64 | 1.10.16 | 10.00 | 56.00 | 66.00 | OK | |
r-oldrel-macos-x86_64 | 1.10.16 | NOTE | ||||
r-oldrel-windows-ix86+x86_64 | 1.10.16 | 9.00 | 69.00 | 78.00 | OK |
Version: 1.10.16
Check: dependencies in R code
Result: NOTE
Namespace in Imports field not imported from: ‘knitr’
All declared Imports should be used.
Flavors: r-devel-linux-x86_64-fedora-clang, r-devel-linux-x86_64-fedora-gcc, r-devel-windows-x86_64-gcc10-UCRT, r-patched-solaris-x86, r-release-macos-arm64, r-release-macos-x86_64, r-oldrel-macos-x86_64