CRAN Package Check Results for Package ripserr

Last updated on 2021-11-01 00:49:51 CET.

Flavor Version Tinstall Tcheck Ttotal Status Flags
r-devel-linux-x86_64-debian-clang 0.1.1 48.23 35.57 83.80 NOTE
r-devel-linux-x86_64-debian-gcc 0.1.1 34.19 31.10 65.29 NOTE
r-devel-linux-x86_64-fedora-clang 0.1.1 142.92 NOTE
r-devel-linux-x86_64-fedora-gcc 0.1.1 118.71 NOTE
r-devel-windows-x86_64 0.1.1 62.00 50.00 112.00 NOTE
r-devel-windows-x86_64-gcc10-UCRT 0.1.1 NOTE
r-patched-linux-x86_64 0.1.1 40.85 35.99 76.84 NOTE
r-patched-solaris-x86 0.1.1 140.30 NOTE
r-release-linux-x86_64 0.1.1 42.18 36.63 78.81 NOTE
r-release-macos-arm64 0.1.1 NOTE
r-release-macos-x86_64 0.1.1 NOTE
r-release-windows-ix86+x86_64 0.1.1 98.00 74.00 172.00 NOTE
r-oldrel-macos-x86_64 0.1.1 OK
r-oldrel-windows-ix86+x86_64 0.1.1 92.00 91.00 183.00 OK

Check Details

Version: 0.1.1
Check: LazyData
Result: NOTE
     'LazyData' is specified without a 'data' directory
Flavors: r-devel-linux-x86_64-debian-clang, r-devel-linux-x86_64-debian-gcc, r-devel-linux-x86_64-fedora-clang, r-devel-linux-x86_64-fedora-gcc, r-devel-windows-x86_64, r-devel-windows-x86_64-gcc10-UCRT, r-patched-linux-x86_64, r-patched-solaris-x86, r-release-linux-x86_64, r-release-macos-arm64, r-release-macos-x86_64, r-release-windows-ix86+x86_64