Last updated on 2021-11-01 00:49:51 CET.
Flavor | Version | Tinstall | Tcheck | Ttotal | Status | Flags |
---|---|---|---|---|---|---|
r-devel-linux-x86_64-debian-clang | 0.3.8 | 4.50 | 65.80 | 70.30 | OK | |
r-devel-linux-x86_64-debian-gcc | 0.3.8 | 3.46 | 51.59 | 55.05 | OK | |
r-devel-linux-x86_64-fedora-clang | 0.3.8 | 99.32 | NOTE | |||
r-devel-linux-x86_64-fedora-gcc | 0.3.8 | 90.65 | OK | |||
r-devel-windows-x86_64 | 0.3.8 | 11.00 | 75.00 | 86.00 | NOTE | |
r-devel-windows-x86_64-gcc10-UCRT | 0.3.8 | OK | ||||
r-patched-linux-x86_64 | 0.3.8 | 3.94 | 64.40 | 68.34 | OK | |
r-patched-solaris-x86 | 0.3.8 | 79.30 | NOTE | |||
r-release-linux-x86_64 | 0.3.8 | 3.83 | 64.82 | 68.65 | OK | |
r-release-macos-arm64 | 0.3.8 | NOTE | ||||
r-release-macos-x86_64 | 0.3.8 | WARN | ||||
r-release-windows-ix86+x86_64 | 0.3.8 | 10.00 | 69.00 | 79.00 | NOTE | |
r-oldrel-macos-x86_64 | 0.3.8 | WARN | ||||
r-oldrel-windows-ix86+x86_64 | 0.3.8 | 11.00 | 87.00 | 98.00 | NOTE |
Version: 0.3.8
Check: installed package size
Result: NOTE
installed size is 11.7Mb
sub-directories of 1Mb or more:
doc 10.3Mb
htmlwidgets 1.3Mb
Flavors: r-devel-linux-x86_64-fedora-clang, r-devel-windows-x86_64, r-patched-solaris-x86, r-release-macos-arm64, r-release-macos-x86_64, r-release-windows-ix86+x86_64, r-oldrel-macos-x86_64, r-oldrel-windows-ix86+x86_64
Version: 0.3.8
Check: re-building of vignette outputs
Result: WARN
Error(s) in re-building vignettes:
...
--- re-building ‘intro_rhandsontable.Rmd’ using rmarkdown
Warning in engine$weave(file, quiet = quiet, encoding = enc) :
Pandoc (>= 1.12.3) not available. Falling back to R Markdown v1.
Quitting from lines 34-47 (intro_rhandsontable.Rmd)
Error: processing vignette 'intro_rhandsontable.Rmd' failed with diagnostics:
invalid 'path' argument
--- failed re-building ‘intro_rhandsontable.Rmd’
SUMMARY: processing the following file failed:
‘intro_rhandsontable.Rmd’
Error: Vignette re-building failed.
Execution halted
Flavors: r-release-macos-x86_64, r-oldrel-macos-x86_64