CRAN Package Check Results for Package revtools

Last updated on 2021-11-01 00:49:51 CET.

Flavor Version Tinstall Tcheck Ttotal Status Flags
r-devel-linux-x86_64-debian-clang 0.4.1 12.85 90.40 103.25 NOTE
r-devel-linux-x86_64-debian-gcc 0.4.1 8.23 67.80 76.03 NOTE
r-devel-linux-x86_64-fedora-clang 0.4.1 140.39 NOTE
r-devel-linux-x86_64-fedora-gcc 0.4.1 120.42 NOTE
r-devel-windows-x86_64 0.4.1 21.00 85.00 106.00 NOTE
r-devel-windows-x86_64-gcc10-UCRT 0.4.1 NOTE
r-patched-linux-x86_64 0.4.1 13.45 86.30 99.75 NOTE
r-patched-solaris-x86 0.4.1 168.50 NOTE
r-release-linux-x86_64 0.4.1 12.74 86.49 99.23 NOTE
r-release-macos-arm64 0.4.1 NOTE
r-release-macos-x86_64 0.4.1 NOTE
r-release-windows-ix86+x86_64 0.4.1 19.00 85.00 104.00 NOTE
r-oldrel-macos-x86_64 0.4.1 OK
r-oldrel-windows-ix86+x86_64 0.4.1 20.00 115.00 135.00 OK

Check Details

Version: 0.4.1
Check: LazyData
Result: NOTE
     'LazyData' is specified without a 'data' directory
Flavors: r-devel-linux-x86_64-debian-clang, r-devel-linux-x86_64-debian-gcc, r-devel-linux-x86_64-fedora-clang, r-devel-linux-x86_64-fedora-gcc, r-devel-windows-x86_64, r-devel-windows-x86_64-gcc10-UCRT, r-patched-linux-x86_64, r-patched-solaris-x86, r-release-linux-x86_64, r-release-macos-arm64, r-release-macos-x86_64, r-release-windows-ix86+x86_64