Last updated on 2021-11-01 00:49:51 CET.
Flavor | Version | Tinstall | Tcheck | Ttotal | Status | Flags |
---|---|---|---|---|---|---|
r-devel-linux-x86_64-debian-clang | 0.1.17 | 7.30 | 109.33 | 116.63 | OK | |
r-devel-linux-x86_64-debian-gcc | 0.1.17 | 5.54 | 79.95 | 85.49 | OK | |
r-devel-linux-x86_64-fedora-clang | 0.1.17 | 148.82 | NOTE | |||
r-devel-linux-x86_64-fedora-gcc | 0.1.17 | 141.85 | OK | |||
r-devel-windows-x86_64 | 0.1.17 | 12.00 | 116.00 | 128.00 | NOTE | |
r-devel-windows-x86_64-gcc10-UCRT | 0.1.17 | OK | ||||
r-patched-linux-x86_64 | 0.1.17 | 7.09 | 109.37 | 116.46 | OK | |
r-patched-solaris-x86 | 0.1.17 | 192.50 | NOTE | |||
r-release-linux-x86_64 | 0.1.17 | 7.60 | 107.65 | 115.25 | OK | |
r-release-macos-arm64 | 0.1.17 | NOTE | ||||
r-release-macos-x86_64 | 0.1.17 | NOTE | ||||
r-release-windows-ix86+x86_64 | 0.1.17 | 12.00 | 106.00 | 118.00 | NOTE | |
r-oldrel-macos-x86_64 | 0.1.17 | NOTE | ||||
r-oldrel-windows-ix86+x86_64 | 0.1.17 | 12.00 | 139.00 | 151.00 | NOTE |
Version: 0.1.17
Check: installed package size
Result: NOTE
installed size is 5.6Mb
sub-directories of 1Mb or more:
doc 1.1Mb
examples 1.9Mb
Flavors: r-devel-linux-x86_64-fedora-clang, r-devel-windows-x86_64, r-patched-solaris-x86, r-release-macos-arm64, r-release-macos-x86_64, r-release-windows-ix86+x86_64, r-oldrel-macos-x86_64, r-oldrel-windows-ix86+x86_64