CRAN Package Check Results for Package reqres

Last updated on 2021-11-01 00:49:50 CET.

Flavor Version Tinstall Tcheck Ttotal Status Flags
r-devel-linux-x86_64-debian-clang 0.2.3 6.11 35.57 41.68 NOTE
r-devel-linux-x86_64-debian-gcc 0.2.3 4.77 28.62 33.39 NOTE
r-devel-linux-x86_64-fedora-clang 0.2.3 62.00 NOTE
r-devel-linux-x86_64-fedora-gcc 0.2.3 51.20 NOTE
r-devel-windows-x86_64 0.2.3 11.00 46.00 57.00 NOTE
r-devel-windows-x86_64-gcc10-UCRT 0.2.3 NOTE
r-patched-linux-x86_64 0.2.3 7.94 34.73 42.67 NOTE
r-patched-solaris-x86 0.2.3 83.30 NOTE
r-release-linux-x86_64 0.2.3 6.41 34.84 41.25 NOTE
r-release-macos-arm64 0.2.3 NOTE
r-release-macos-x86_64 0.2.3 NOTE
r-release-windows-ix86+x86_64 0.2.3 8.00 45.00 53.00 NOTE
r-oldrel-macos-x86_64 0.2.3 OK
r-oldrel-windows-ix86+x86_64 0.2.3 8.00 59.00 67.00 OK

Check Details

Version: 0.2.3
Check: LazyData
Result: NOTE
     'LazyData' is specified without a 'data' directory
Flavors: r-devel-linux-x86_64-debian-clang, r-devel-linux-x86_64-debian-gcc, r-devel-linux-x86_64-fedora-clang, r-devel-linux-x86_64-fedora-gcc, r-devel-windows-x86_64, r-devel-windows-x86_64-gcc10-UCRT, r-patched-linux-x86_64, r-patched-solaris-x86, r-release-linux-x86_64, r-release-macos-arm64, r-release-macos-x86_64, r-release-windows-ix86+x86_64