Last updated on 2021-11-01 00:49:50 CET.
Flavor | Version | Tinstall | Tcheck | Ttotal | Status | Flags |
---|---|---|---|---|---|---|
r-devel-linux-x86_64-debian-clang | 1.0.0 | 3.85 | 41.77 | 45.62 | OK | |
r-devel-linux-x86_64-debian-gcc | 1.0.0 | 3.05 | 31.84 | 34.89 | OK | |
r-devel-linux-x86_64-fedora-clang | 1.0.0 | 64.94 | NOTE | |||
r-devel-linux-x86_64-fedora-gcc | 1.0.0 | 54.26 | NOTE | |||
r-devel-windows-x86_64 | 1.0.0 | 6.00 | 48.00 | 54.00 | OK | |
r-devel-windows-x86_64-gcc10-UCRT | 1.0.0 | NOTE | ||||
r-patched-linux-x86_64 | 1.0.0 | 3.54 | 39.48 | 43.02 | OK | |
r-patched-solaris-x86 | 1.0.0 | 82.50 | NOTE | |||
r-release-linux-x86_64 | 1.0.0 | 3.45 | 39.56 | 43.01 | OK | |
r-release-macos-arm64 | 1.0.0 | NOTE | ||||
r-release-macos-x86_64 | 1.0.0 | NOTE | ||||
r-release-windows-ix86+x86_64 | 1.0.0 | 7.00 | 48.00 | 55.00 | OK | |
r-oldrel-macos-x86_64 | 1.0.0 | NOTE | ||||
r-oldrel-windows-ix86+x86_64 | 1.0.0 | 6.00 | 64.00 | 70.00 | OK |
Version: 1.0.0
Check: data for non-ASCII characters
Result: NOTE
Note: found 25 marked UTF-8 strings
Flavors: r-devel-linux-x86_64-fedora-clang, r-devel-linux-x86_64-fedora-gcc, r-devel-windows-x86_64-gcc10-UCRT, r-patched-solaris-x86, r-release-macos-arm64, r-release-macos-x86_64, r-oldrel-macos-x86_64