Last updated on 2021-11-01 00:49:50 CET.
Flavor | Version | Tinstall | Tcheck | Ttotal | Status | Flags |
---|---|---|---|---|---|---|
r-devel-linux-x86_64-debian-clang | 1.1.3 | 4.56 | 42.06 | 46.62 | NOTE | |
r-devel-linux-x86_64-debian-gcc | 1.1.3 | 3.42 | 32.58 | 36.00 | NOTE | |
r-devel-linux-x86_64-fedora-clang | 1.1.3 | 66.75 | NOTE | |||
r-devel-linux-x86_64-fedora-gcc | 1.1.3 | 117.77 | NOTE | |||
r-devel-windows-x86_64 | 1.1.3 | 12.00 | 53.00 | 65.00 | NOTE | |
r-devel-windows-x86_64-gcc10-UCRT | 1.1.3 | NOTE | ||||
r-patched-linux-x86_64 | 1.1.3 | 5.05 | 40.12 | 45.17 | NOTE | |
r-patched-solaris-x86 | 1.1.3 | 82.90 | NOTE | |||
r-release-linux-x86_64 | 1.1.3 | 3.90 | 39.80 | 43.70 | NOTE | |
r-release-macos-arm64 | 1.1.3 | NOTE | ||||
r-release-macos-x86_64 | 1.1.3 | NOTE | ||||
r-release-windows-ix86+x86_64 | 1.1.3 | 7.00 | 45.00 | 52.00 | NOTE | |
r-oldrel-macos-x86_64 | 1.1.3 | OK | ||||
r-oldrel-windows-ix86+x86_64 | 1.1.3 | 7.00 | 59.00 | 66.00 | OK |
Version: 1.1.3
Check: LazyData
Result: NOTE
'LazyData' is specified without a 'data' directory
Flavors: r-devel-linux-x86_64-debian-clang, r-devel-linux-x86_64-debian-gcc, r-devel-linux-x86_64-fedora-clang, r-devel-linux-x86_64-fedora-gcc, r-devel-windows-x86_64, r-devel-windows-x86_64-gcc10-UCRT, r-patched-linux-x86_64, r-patched-solaris-x86, r-release-linux-x86_64, r-release-macos-arm64, r-release-macos-x86_64, r-release-windows-ix86+x86_64
Version: 1.1.3
Check: Rd cross-references
Result: NOTE
Undeclared package ‘ggplot2’ in Rd xrefs
Flavor: r-devel-linux-x86_64-fedora-clang