Last updated on 2021-11-01 00:49:50 CET.
Flavor | Version | Tinstall | Tcheck | Ttotal | Status | Flags |
---|---|---|---|---|---|---|
r-devel-linux-x86_64-debian-clang | 0.0.1 | 1.75 | 18.78 | 20.53 | NOTE | |
r-devel-linux-x86_64-debian-gcc | 0.0.1 | 1.47 | 14.96 | 16.43 | NOTE | |
r-devel-linux-x86_64-fedora-clang | 0.0.1 | 36.45 | NOTE | |||
r-devel-linux-x86_64-fedora-gcc | 0.0.1 | 25.72 | NOTE | |||
r-devel-windows-x86_64 | 0.0.1 | 3.00 | 27.00 | 30.00 | NOTE | |
r-devel-windows-x86_64-gcc10-UCRT | 0.0.1 | NOTE | ||||
r-patched-linux-x86_64 | 0.0.1 | 1.92 | 18.28 | 20.20 | NOTE | |
r-patched-solaris-x86 | 0.0.1 | 42.70 | NOTE | |||
r-release-linux-x86_64 | 0.0.1 | 1.84 | 18.24 | 20.08 | NOTE | |
r-release-macos-arm64 | 0.0.1 | NOTE | ||||
r-release-macos-x86_64 | 0.0.1 | NOTE | ||||
r-release-windows-ix86+x86_64 | 0.0.1 | 4.00 | 29.00 | 33.00 | NOTE | |
r-oldrel-macos-x86_64 | 0.0.1 | OK | ||||
r-oldrel-windows-ix86+x86_64 | 0.0.1 | 3.00 | 37.00 | 40.00 | OK |
Version: 0.0.1
Check: LazyData
Result: NOTE
'LazyData' is specified without a 'data' directory
Flavors: r-devel-linux-x86_64-debian-clang, r-devel-linux-x86_64-debian-gcc, r-devel-linux-x86_64-fedora-clang, r-devel-linux-x86_64-fedora-gcc, r-devel-windows-x86_64, r-devel-windows-x86_64-gcc10-UCRT, r-patched-linux-x86_64, r-patched-solaris-x86, r-release-linux-x86_64, r-release-macos-arm64, r-release-macos-x86_64, r-release-windows-ix86+x86_64