CRAN Package Check Results for Package redland

Last updated on 2021-11-01 00:49:50 CET.

Flavor Version Tinstall Tcheck Ttotal Status Flags
r-devel-linux-x86_64-debian-clang 1.0.17-14 10.83 61.33 72.16 OK
r-devel-linux-x86_64-debian-gcc 1.0.17-14 9.18 47.89 57.07 OK
r-devel-linux-x86_64-fedora-clang 1.0.17-14 104.62 OK
r-devel-linux-x86_64-fedora-gcc 1.0.17-14 91.67 OK
r-devel-windows-x86_64 1.0.17-14 24.00 77.00 101.00 OK
r-devel-windows-x86_64-gcc10-UCRT 1.0.17-14 OK
r-patched-linux-x86_64 1.0.17-14 13.65 59.44 73.09 OK
r-patched-solaris-x86 1.0.17-14 119.80 OK
r-release-linux-x86_64 1.0.17-14 12.36 58.93 71.29 OK
r-release-macos-arm64 1.0.17-14 NOTE
r-release-macos-x86_64 1.0.17-14 NOTE
r-release-windows-ix86+x86_64 1.0.17-14 25.00 92.00 117.00 NOTE
r-oldrel-macos-x86_64 1.0.17-14 NOTE
r-oldrel-windows-ix86+x86_64 1.0.17-14 23.00 122.00 145.00 NOTE

Check Details

Version: 1.0.17-14
Check: installed package size
Result: NOTE
     installed size is 7.7Mb
     sub-directories of 1Mb or more:
     libs 6.7Mb
Flavors: r-release-macos-arm64, r-release-macos-x86_64, r-release-windows-ix86+x86_64, r-oldrel-macos-x86_64, r-oldrel-windows-ix86+x86_64