CRAN Package Check Results for Package reda

Last updated on 2021-11-01 00:49:50 CET.

Flavor Version Tinstall Tcheck Ttotal Status Flags
r-devel-linux-x86_64-debian-clang 0.5.3 62.42 92.74 155.16 OK
r-devel-linux-x86_64-debian-gcc 0.5.3 47.09 69.23 116.32 OK
r-devel-linux-x86_64-fedora-clang 0.5.3 223.01 NOTE
r-devel-linux-x86_64-fedora-gcc 0.5.3 196.83 OK
r-devel-windows-x86_64 0.5.3 86.00 108.00 194.00 NOTE
r-devel-windows-x86_64-gcc10-UCRT 0.5.3 OK
r-patched-linux-x86_64 0.5.3 52.35 90.45 142.80 OK
r-patched-solaris-x86 0.5.3 192.80 NOTE
r-release-linux-x86_64 0.5.3 53.52 90.26 143.78 OK
r-release-macos-arm64 0.5.3 NOTE
r-release-macos-x86_64 0.5.3 NOTE
r-release-windows-ix86+x86_64 0.5.3 119.00 130.00 249.00 NOTE
r-oldrel-macos-x86_64 0.5.3 NOTE
r-oldrel-windows-ix86+x86_64 0.5.3 119.00 180.00 299.00 NOTE

Check Details

Version: 0.5.3
Check: installed package size
Result: NOTE
     installed size is 6.9Mb
     sub-directories of 1Mb or more:
     doc 3.9Mb
     libs 2.4Mb
Flavors: r-devel-linux-x86_64-fedora-clang, r-devel-windows-x86_64, r-patched-solaris-x86, r-release-macos-arm64, r-release-macos-x86_64, r-release-windows-ix86+x86_64, r-oldrel-macos-x86_64, r-oldrel-windows-ix86+x86_64