CRAN Package Check Results for Package rebus.datetimes

Last updated on 2021-11-01 00:49:50 CET.

Flavor Version Tinstall Tcheck Ttotal Status Flags
r-devel-linux-x86_64-debian-clang 0.0-1 2.18 23.45 25.63 NOTE
r-devel-linux-x86_64-debian-gcc 0.0-1 1.64 18.72 20.36 NOTE
r-devel-linux-x86_64-fedora-clang 0.0-1 43.17 NOTE
r-devel-linux-x86_64-fedora-gcc 0.0-1 31.40 NOTE
r-devel-windows-x86_64 0.0-1 4.00 38.00 42.00 NOTE
r-devel-windows-x86_64-gcc10-UCRT 0.0-1 NOTE
r-patched-linux-x86_64 0.0-1 4.62 23.16 27.78 NOTE
r-patched-solaris-x86 0.0-1 52.60 NOTE
r-release-linux-x86_64 0.0-1 1.91 23.10 25.01 NOTE
r-release-macos-arm64 0.0-1 NOTE
r-release-macos-x86_64 0.0-1 NOTE
r-release-windows-ix86+x86_64 0.0-1 4.00 36.00 40.00 NOTE
r-oldrel-macos-x86_64 0.0-1 OK
r-oldrel-windows-ix86+x86_64 0.0-1 3.00 45.00 48.00 OK

Check Details

Version: 0.0-1
Check: LazyData
Result: NOTE
     'LazyData' is specified without a 'data' directory
Flavors: r-devel-linux-x86_64-debian-clang, r-devel-linux-x86_64-debian-gcc, r-devel-linux-x86_64-fedora-clang, r-devel-linux-x86_64-fedora-gcc, r-devel-windows-x86_64, r-devel-windows-x86_64-gcc10-UCRT, r-patched-linux-x86_64, r-patched-solaris-x86, r-release-linux-x86_64, r-release-macos-arm64, r-release-macos-x86_64, r-release-windows-ix86+x86_64