Last updated on 2021-11-01 00:49:50 CET.
Flavor | Version | Tinstall | Tcheck | Ttotal | Status | Flags |
---|---|---|---|---|---|---|
r-devel-linux-x86_64-debian-clang | 0.81 | 5.80 | 61.82 | 67.62 | OK | |
r-devel-linux-x86_64-debian-gcc | 0.81 | 4.21 | 47.29 | 51.50 | OK | |
r-devel-linux-x86_64-fedora-clang | 0.81 | 93.50 | NOTE | |||
r-devel-linux-x86_64-fedora-gcc | 0.81 | 88.00 | NOTE | |||
r-devel-windows-x86_64 | 0.81 | 8.00 | 72.00 | 80.00 | OK | |
r-devel-windows-x86_64-gcc10-UCRT | 0.81 | NOTE | ||||
r-patched-linux-x86_64 | 0.81 | 10.74 | 60.20 | 70.94 | OK | |
r-patched-solaris-x86 | 0.81 | 126.70 | NOTE | |||
r-release-linux-x86_64 | 0.81 | 4.89 | 60.67 | 65.56 | OK | |
r-release-macos-arm64 | 0.81 | NOTE | ||||
r-release-macos-x86_64 | 0.81 | NOTE | ||||
r-release-windows-ix86+x86_64 | 0.81 | 8.00 | 79.00 | 87.00 | OK | |
r-oldrel-macos-x86_64 | 0.81 | NOTE | ||||
r-oldrel-windows-ix86+x86_64 | 0.81 | 9.00 | 95.00 | 104.00 | OK |
Version: 0.81
Check: data for non-ASCII characters
Result: NOTE
Note: found 1 marked Latin-1 string
Note: found 1 marked UTF-8 string
Note: found 7 strings marked as "bytes"
Flavors: r-devel-linux-x86_64-fedora-clang, r-devel-linux-x86_64-fedora-gcc, r-devel-windows-x86_64-gcc10-UCRT, r-patched-solaris-x86, r-release-macos-arm64, r-release-macos-x86_64, r-oldrel-macos-x86_64