CRAN Package Check Results for Package readsdr

Last updated on 2021-11-01 00:49:50 CET.

Flavor Version Tinstall Tcheck Ttotal Status Flags
r-devel-linux-x86_64-debian-clang 0.2.0 3.71 42.65 46.36 NOTE
r-devel-linux-x86_64-debian-gcc 0.2.0 2.59 32.06 34.65 NOTE
r-devel-linux-x86_64-fedora-clang 0.2.0 67.41 NOTE
r-devel-linux-x86_64-fedora-gcc 0.2.0 56.05 NOTE
r-devel-windows-x86_64 0.2.0 7.00 52.00 59.00 NOTE
r-devel-windows-x86_64-gcc10-UCRT 0.2.0 NOTE
r-patched-linux-x86_64 0.2.0 3.97 39.86 43.83 NOTE
r-patched-solaris-x86 0.2.0 76.70 NOTE
r-release-linux-x86_64 0.2.0 4.43 41.13 45.56 NOTE
r-release-macos-arm64 0.2.0 NOTE
r-release-macos-x86_64 0.2.0 NOTE
r-release-windows-ix86+x86_64 0.2.0 5.00 51.00 56.00 NOTE
r-oldrel-macos-x86_64 0.2.0 OK
r-oldrel-windows-ix86+x86_64 0.2.0 6.00 56.00 62.00 OK

Check Details

Version: 0.2.0
Check: LazyData
Result: NOTE
     'LazyData' is specified without a 'data' directory
Flavors: r-devel-linux-x86_64-debian-clang, r-devel-linux-x86_64-debian-gcc, r-devel-linux-x86_64-fedora-clang, r-devel-linux-x86_64-fedora-gcc, r-devel-windows-x86_64, r-devel-windows-x86_64-gcc10-UCRT, r-patched-linux-x86_64, r-patched-solaris-x86, r-release-linux-x86_64, r-release-macos-arm64, r-release-macos-x86_64, r-release-windows-ix86+x86_64