CRAN Package Check Results for Package rdtLite

Last updated on 2021-11-01 00:49:50 CET.

Flavor Version Tinstall Tcheck Ttotal Status Flags
r-devel-linux-x86_64-debian-clang 1.3 8.04 56.40 64.44 OK
r-devel-linux-x86_64-debian-gcc 1.3 5.67 43.06 48.73 OK
r-devel-linux-x86_64-fedora-clang 1.3 92.79 NOTE
r-devel-linux-x86_64-fedora-gcc 1.3 74.57 NOTE
r-devel-windows-x86_64 1.3 13.00 69.00 82.00 OK
r-devel-windows-x86_64-gcc10-UCRT 1.3 NOTE
r-patched-linux-x86_64 1.3 6.26 45.26 51.52 OK
r-patched-solaris-x86 1.3 92.30 NOTE
r-release-linux-x86_64 1.3 7.45 46.92 54.37 OK
r-release-macos-arm64 1.3 NOTE
r-release-macos-x86_64 1.3 NOTE
r-release-windows-ix86+x86_64 1.3 10.00 52.00 62.00 OK
r-oldrel-macos-x86_64 1.3 NOTE
r-oldrel-windows-ix86+x86_64 1.3 9.00 57.00 66.00 OK

Check Details

Version: 1.3
Check: dependencies in R code
Result: NOTE
    Namespace in Imports field not imported from: ‘gtools’
     All declared Imports should be used.
Flavors: r-devel-linux-x86_64-fedora-clang, r-devel-linux-x86_64-fedora-gcc, r-devel-windows-x86_64-gcc10-UCRT, r-patched-solaris-x86, r-release-macos-arm64, r-release-macos-x86_64, r-oldrel-macos-x86_64