CRAN Package Check Results for Package rbridge

Last updated on 2021-11-01 00:49:50 CET.

Flavor Version Tinstall Tcheck Ttotal Status Flags
r-devel-linux-x86_64-debian-clang 1.0.2 43.05 66.90 109.95 OK
r-devel-linux-x86_64-debian-gcc 1.0.2 32.68 52.61 85.29 OK
r-devel-linux-x86_64-fedora-clang 1.0.2 156.92 NOTE
r-devel-linux-x86_64-fedora-gcc 1.0.2 140.88 NOTE
r-devel-windows-x86_64 1.0.2 55.00 77.00 132.00 OK
r-devel-windows-x86_64-gcc10-UCRT 1.0.2 NOTE
r-patched-linux-x86_64 1.0.2 39.84 65.61 105.45 OK
r-patched-solaris-x86 1.0.2 170.00 NOTE
r-release-linux-x86_64 1.0.2 39.63 65.43 105.06 OK
r-release-macos-arm64 1.0.2 NOTE
r-release-macos-x86_64 1.0.2 NOTE
r-release-windows-ix86+x86_64 1.0.2 71.00 97.00 168.00 OK
r-oldrel-macos-x86_64 1.0.2 NOTE
r-oldrel-windows-ix86+x86_64 1.0.2 78.00 133.00 211.00 OK

Check Details

Version: 1.0.2
Check: dependencies in R code
Result: NOTE
    Namespace in Imports field not imported from: ‘dplyr’
     All declared Imports should be used.
Flavors: r-devel-linux-x86_64-fedora-clang, r-devel-linux-x86_64-fedora-gcc, r-devel-windows-x86_64-gcc10-UCRT, r-patched-solaris-x86, r-release-macos-arm64, r-release-macos-x86_64, r-oldrel-macos-x86_64