Last updated on 2021-11-01 00:49:49 CET.
Flavor | Version | Tinstall | Tcheck | Ttotal | Status | Flags |
---|---|---|---|---|---|---|
r-devel-linux-x86_64-debian-clang | 1.5-0.0 | 3.93 | 31.67 | 35.60 | OK | |
r-devel-linux-x86_64-debian-gcc | 1.5-0.0 | 3.55 | 24.50 | 28.05 | OK | |
r-devel-linux-x86_64-fedora-clang | 1.5-0.0 | 55.42 | OK | |||
r-devel-linux-x86_64-fedora-gcc | 1.5-0.0 | 44.40 | OK | |||
r-devel-windows-x86_64 | 1.5-0.0 | 7.00 | 41.00 | 48.00 | OK | |
r-devel-windows-x86_64-gcc10-UCRT | 1.5-0.0 | OK | ||||
r-patched-linux-x86_64 | 1.5-0.0 | 4.39 | 29.96 | 34.35 | OK | |
r-patched-solaris-x86 | 1.5-0.0 | 69.60 | OK | |||
r-release-linux-x86_64 | 1.5-0.0 | 3.67 | 30.39 | 34.06 | OK | |
r-release-macos-arm64 | 1.5-0.0 | OK | ||||
r-release-macos-x86_64 | 1.5-0.0 | WARN | ||||
r-release-windows-ix86+x86_64 | 1.5-0.0 | 6.00 | 37.00 | 43.00 | OK | |
r-oldrel-macos-x86_64 | 1.5-0.0 | WARN | ||||
r-oldrel-windows-ix86+x86_64 | 1.5-0.0 | 7.00 | 51.00 | 58.00 | OK |
Version: 1.5-0.0
Check: re-building of vignette outputs
Result: WARN
Error(s) in re-building vignettes:
...
--- re-building ‘randomNames.Rmd’ using rmarkdown
Warning in engine$weave(file, quiet = quiet, encoding = enc) :
Pandoc (>= 1.12.3) not available. Falling back to R Markdown v1.
Quitting from lines 13-26 (randomNames.Rmd)
Error: processing vignette 'randomNames.Rmd' failed with diagnostics:
argument is of length zero
--- failed re-building ‘randomNames.Rmd’
SUMMARY: processing the following file failed:
‘randomNames.Rmd’
Error: Vignette re-building failed.
Execution halted
Flavors: r-release-macos-x86_64, r-oldrel-macos-x86_64