Last updated on 2021-11-01 00:49:49 CET.
Flavor | Version | Tinstall | Tcheck | Ttotal | Status | Flags |
---|---|---|---|---|---|---|
r-devel-linux-x86_64-debian-clang | 1.3.5 | 18.43 | 163.97 | 182.40 | OK | |
r-devel-linux-x86_64-debian-gcc | 1.3.5 | 15.21 | 124.22 | 139.43 | OK | |
r-devel-linux-x86_64-fedora-clang | 1.3.5 | 228.89 | OK | |||
r-devel-linux-x86_64-fedora-gcc | 1.3.5 | 225.17 | OK | |||
r-devel-windows-x86_64 | 1.3.5 | 30.00 | 159.00 | 189.00 | OK | |
r-devel-windows-x86_64-gcc10-UCRT | 1.3.5 | OK | ||||
r-patched-linux-x86_64 | 1.3.5 | 19.63 | 153.79 | 173.42 | OK | |
r-patched-solaris-x86 | 1.3.5 | 314.10 | NOTE | |||
r-release-linux-x86_64 | 1.3.5 | 19.79 | 157.52 | 177.31 | OK | |
r-release-macos-arm64 | 1.3.5 | OK | ||||
r-release-macos-x86_64 | 1.3.5 | OK | ||||
r-release-windows-ix86+x86_64 | 1.3.5 | 33.00 | 147.00 | 180.00 | OK | |
r-oldrel-macos-x86_64 | 1.3.5 | OK | ||||
r-oldrel-windows-ix86+x86_64 | 1.3.5 | 33.00 | 176.00 | 209.00 | OK |
Version: 1.3.5
Check: installed package size
Result: NOTE
installed size is 6.3Mb
sub-directories of 1Mb or more:
app 6.0Mb
Flavor: r-patched-solaris-x86