CRAN Package Check Results for Package rTRNG

Last updated on 2021-11-01 00:49:52 CET.

Flavor Version Tinstall Tcheck Ttotal Status Flags
r-devel-linux-x86_64-debian-clang 4.23.1-1 127.45 178.49 305.94 NOTE
r-devel-linux-x86_64-debian-gcc 4.23.1-1 110.91 126.50 237.41 NOTE
r-devel-linux-x86_64-fedora-clang 4.23.1-1 463.70 NOTE
r-devel-linux-x86_64-fedora-gcc 4.23.1-1 426.44 NOTE
r-devel-windows-x86_64 4.23.1-1 176.00 182.00 358.00 NOTE
r-devel-windows-x86_64-gcc10-UCRT 4.23.1-1 NOTE
r-patched-linux-x86_64 4.23.1-1 135.00 180.13 315.13 NOTE
r-patched-solaris-x86 4.23.1-1 344.90 NOTE
r-release-linux-x86_64 4.23.1-1 132.12 185.05 317.17 NOTE
r-release-macos-arm64 4.23.1-1 NOTE
r-release-macos-x86_64 4.23.1-1 NOTE
r-release-windows-ix86+x86_64 4.23.1-1 284.00 239.00 523.00 NOTE
r-oldrel-macos-x86_64 4.23.1-1 NOTE
r-oldrel-windows-ix86+x86_64 4.23.1-1 279.00 322.00 601.00 NOTE

Check Details

Version: 4.23.1-1
Check: LazyData
Result: NOTE
     'LazyData' is specified without a 'data' directory
Flavors: r-devel-linux-x86_64-debian-clang, r-devel-linux-x86_64-debian-gcc, r-devel-linux-x86_64-fedora-clang, r-devel-linux-x86_64-fedora-gcc, r-devel-windows-x86_64, r-devel-windows-x86_64-gcc10-UCRT, r-patched-linux-x86_64, r-patched-solaris-x86, r-release-linux-x86_64, r-release-macos-arm64, r-release-macos-x86_64, r-release-windows-ix86+x86_64

Version: 4.23.1-1
Check: for GNU extensions in Makefiles
Result: NOTE
    GNU make is a SystemRequirements.
Flavors: r-devel-linux-x86_64-debian-clang, r-devel-linux-x86_64-debian-gcc, r-devel-linux-x86_64-fedora-clang, r-devel-linux-x86_64-fedora-gcc, r-devel-windows-x86_64, r-devel-windows-x86_64-gcc10-UCRT, r-patched-linux-x86_64, r-patched-solaris-x86, r-release-linux-x86_64, r-release-macos-arm64, r-release-macos-x86_64, r-release-windows-ix86+x86_64, r-oldrel-macos-x86_64, r-oldrel-windows-ix86+x86_64

Version: 4.23.1-1
Check: installed package size
Result: NOTE
     installed size is 26.4Mb
     sub-directories of 1Mb or more:
     doc 7.8Mb
     libs 17.6Mb
Flavors: r-devel-linux-x86_64-fedora-clang, r-devel-windows-x86_64, r-patched-solaris-x86, r-release-macos-arm64, r-release-macos-x86_64, r-release-windows-ix86+x86_64, r-oldrel-macos-x86_64, r-oldrel-windows-ix86+x86_64