Last updated on 2021-11-01 00:49:52 CET.
Flavor | Version | Tinstall | Tcheck | Ttotal | Status | Flags |
---|---|---|---|---|---|---|
r-devel-linux-x86_64-debian-clang | 0.3.2 | 10.64 | 68.96 | 79.60 | NOTE | |
r-devel-linux-x86_64-debian-gcc | 0.3.2 | 8.39 | 54.10 | 62.49 | NOTE | |
r-devel-linux-x86_64-fedora-clang | 0.3.2 | 107.95 | NOTE | |||
r-devel-linux-x86_64-fedora-gcc | 0.3.2 | 95.49 | NOTE | |||
r-devel-windows-x86_64 | 0.3.2 | 16.00 | 91.00 | 107.00 | NOTE | |
r-devel-windows-x86_64-gcc10-UCRT | 0.3.2 | NOTE | ||||
r-patched-linux-x86_64 | 0.3.2 | 11.11 | 67.71 | 78.82 | NOTE | |
r-patched-solaris-x86 | 0.3.2 | 132.80 | NOTE | |||
r-release-linux-x86_64 | 0.3.2 | 9.78 | 68.69 | 78.47 | NOTE | |
r-release-macos-arm64 | 0.3.2 | NOTE | ||||
r-release-macos-x86_64 | 0.3.2 | NOTE | ||||
r-release-windows-ix86+x86_64 | 0.3.2 | 14.00 | 69.00 | 83.00 | NOTE | |
r-oldrel-macos-x86_64 | 0.3.2 | OK | ||||
r-oldrel-windows-ix86+x86_64 | 0.3.2 | 16.00 | 93.00 | 109.00 | OK |
Version: 0.3.2
Check: LazyData
Result: NOTE
'LazyData' is specified without a 'data' directory
Flavors: r-devel-linux-x86_64-debian-clang, r-devel-linux-x86_64-debian-gcc, r-devel-linux-x86_64-fedora-clang, r-devel-linux-x86_64-fedora-gcc, r-devel-windows-x86_64, r-devel-windows-x86_64-gcc10-UCRT, r-patched-linux-x86_64, r-patched-solaris-x86, r-release-linux-x86_64, r-release-macos-arm64, r-release-macos-x86_64, r-release-windows-ix86+x86_64