CRAN Package Check Results for Package rPackedBar

Last updated on 2021-11-01 00:49:51 CET.

Flavor Version Tinstall Tcheck Ttotal Status Flags
r-devel-linux-x86_64-debian-clang 0.2.2 6.43 55.71 62.14 NOTE
r-devel-linux-x86_64-debian-gcc 0.2.2 5.24 41.96 47.20 NOTE
r-devel-linux-x86_64-fedora-clang 0.2.2 85.86 NOTE
r-devel-linux-x86_64-fedora-gcc 0.2.2 69.87 NOTE
r-devel-windows-x86_64 0.2.2 10.00 62.00 72.00 NOTE
r-devel-windows-x86_64-gcc10-UCRT 0.2.2 NOTE
r-patched-linux-x86_64 0.2.2 6.47 52.14 58.61 NOTE
r-patched-solaris-x86 0.2.2 105.50 NOTE
r-release-linux-x86_64 0.2.2 5.44 52.48 57.92 NOTE
r-release-macos-arm64 0.2.2 NOTE
r-release-macos-x86_64 0.2.2 NOTE
r-release-windows-ix86+x86_64 0.2.2 12.00 59.00 71.00 NOTE
r-oldrel-macos-x86_64 0.2.2 OK
r-oldrel-windows-ix86+x86_64 0.2.2 14.00 80.00 94.00 OK

Check Details

Version: 0.2.2
Check: LazyData
Result: NOTE
     'LazyData' is specified without a 'data' directory
Flavors: r-devel-linux-x86_64-debian-clang, r-devel-linux-x86_64-debian-gcc, r-devel-linux-x86_64-fedora-clang, r-devel-linux-x86_64-fedora-gcc, r-devel-windows-x86_64, r-devel-windows-x86_64-gcc10-UCRT, r-patched-linux-x86_64, r-patched-solaris-x86, r-release-linux-x86_64, r-release-macos-arm64, r-release-macos-x86_64, r-release-windows-ix86+x86_64