Last updated on 2021-11-01 00:49:50 CET.
Flavor | Version | Tinstall | Tcheck | Ttotal | Status | Flags |
---|---|---|---|---|---|---|
r-devel-linux-x86_64-debian-clang | 1.0 | 3.70 | 19.36 | 23.06 | OK | |
r-devel-linux-x86_64-debian-gcc | 1.0 | 2.72 | 15.60 | 18.32 | OK | |
r-devel-linux-x86_64-fedora-clang | 1.0 | 40.33 | NOTE | |||
r-devel-linux-x86_64-fedora-gcc | 1.0 | 28.87 | NOTE | |||
r-devel-windows-x86_64 | 1.0 | 6.00 | 27.00 | 33.00 | OK | |
r-devel-windows-x86_64-gcc10-UCRT | 1.0 | OK | ||||
r-patched-linux-x86_64 | 1.0 | 3.57 | 19.26 | 22.83 | OK | |
r-patched-solaris-x86 | 1.0 | 46.40 | OK | |||
r-release-linux-x86_64 | 1.0 | 3.52 | 19.44 | 22.96 | OK | |
r-release-macos-arm64 | 1.0 | OK | ||||
r-release-macos-x86_64 | 1.0 | OK | ||||
r-release-windows-ix86+x86_64 | 1.0 | 9.00 | 34.00 | 43.00 | OK | |
r-oldrel-macos-x86_64 | 1.0 | OK | ||||
r-oldrel-windows-ix86+x86_64 | 1.0 | 8.00 | 31.00 | 39.00 | OK |
Version: 1.0
Check: Rd cross-references
Result: NOTE
Undeclared packages ‘MCMCpack’, ‘gtools’ in Rd xrefs
Flavor: r-devel-linux-x86_64-fedora-clang
Version: 1.0
Check: compiled code
Result: NOTE
File ‘rBeta2009/libs/rBeta2009.so’:
Found no calls to: ‘R_registerRoutines’, ‘R_useDynamicSymbols’
It is good practice to register native routines and to disable symbol
search.
See ‘Writing portable packages’ in the ‘Writing R Extensions’ manual.
Flavors: r-devel-linux-x86_64-fedora-clang, r-devel-linux-x86_64-fedora-gcc