CRAN Package Check Results for Package rAltmetric

Last updated on 2021-11-01 00:49:49 CET.

Flavor Version Tinstall Tcheck Ttotal Status Flags
r-devel-linux-x86_64-debian-clang 0.7.0 1.86 25.01 26.87 NOTE
r-devel-linux-x86_64-debian-gcc 0.7.0 1.57 20.00 21.57 NOTE
r-devel-linux-x86_64-fedora-clang 0.7.0 45.65 NOTE
r-devel-linux-x86_64-fedora-gcc 0.7.0 33.75 NOTE
r-devel-windows-x86_64 0.7.0 4.00 39.00 43.00 NOTE
r-devel-windows-x86_64-gcc10-UCRT 0.7.0 NOTE
r-patched-linux-x86_64 0.7.0 1.95 24.03 25.98 NOTE
r-patched-solaris-x86 0.7.0 48.90 NOTE
r-release-linux-x86_64 0.7.0 1.91 25.35 27.26 NOTE
r-release-macos-arm64 0.7.0 NOTE
r-release-macos-x86_64 0.7.0 NOTE
r-release-windows-ix86+x86_64 0.7.0 5.00 34.00 39.00 NOTE
r-oldrel-macos-x86_64 0.7.0 OK
r-oldrel-windows-ix86+x86_64 0.7.0 4.00 44.00 48.00 OK

Check Details

Version: 0.7.0
Check: LazyData
Result: NOTE
     'LazyData' is specified without a 'data' directory
Flavors: r-devel-linux-x86_64-debian-clang, r-devel-linux-x86_64-debian-gcc, r-devel-linux-x86_64-fedora-clang, r-devel-linux-x86_64-fedora-gcc, r-devel-windows-x86_64, r-devel-windows-x86_64-gcc10-UCRT, r-patched-linux-x86_64, r-patched-solaris-x86, r-release-linux-x86_64, r-release-macos-arm64, r-release-macos-x86_64, r-release-windows-ix86+x86_64