CRAN Package Check Results for Package quickNmix

Last updated on 2021-11-01 00:49:49 CET.

Flavor Version Tinstall Tcheck Ttotal Status Flags
r-devel-linux-x86_64-debian-clang 1.0.3 2.84 63.65 66.49 OK
r-devel-linux-x86_64-debian-gcc 1.0.3 2.22 46.43 48.65 OK
r-devel-linux-x86_64-fedora-clang 1.0.3 89.67 NOTE
r-devel-linux-x86_64-fedora-gcc 1.0.3 80.98 NOTE
r-devel-windows-x86_64 1.0.3 5.00 65.00 70.00 OK
r-devel-windows-x86_64-gcc10-UCRT 1.0.3 NOTE
r-patched-linux-x86_64 1.0.3 3.20 61.83 65.03 OK
r-patched-solaris-x86 1.0.3 99.50 NOTE
r-release-linux-x86_64 1.0.3 3.12 62.38 65.50 OK
r-release-macos-arm64 1.0.3 NOTE
r-release-macos-x86_64 1.0.3 NOTE
r-release-windows-ix86+x86_64 1.0.3 5.00 70.00 75.00 OK
r-oldrel-macos-x86_64 1.0.3 NOTE
r-oldrel-windows-ix86+x86_64 1.0.3 5.00 88.00 93.00 OK

Check Details

Version: 1.0.3
Check: dependencies in R code
Result: NOTE
    Namespace in Imports field not imported from: ‘doParallel’
     All declared Imports should be used.
Flavors: r-devel-linux-x86_64-fedora-clang, r-devel-linux-x86_64-fedora-gcc, r-devel-windows-x86_64-gcc10-UCRT, r-patched-solaris-x86, r-release-macos-arm64, r-release-macos-x86_64, r-oldrel-macos-x86_64