Last updated on 2021-11-01 00:49:49 CET.
Flavor | Version | Tinstall | Tcheck | Ttotal | Status | Flags |
---|---|---|---|---|---|---|
r-devel-linux-x86_64-debian-clang | 0.7.5 | 9.91 | 81.36 | 91.27 | OK | |
r-devel-linux-x86_64-debian-gcc | 0.7.5 | 7.65 | 61.26 | 68.91 | OK | |
r-devel-linux-x86_64-fedora-clang | 0.7.5 | 118.95 | NOTE | |||
r-devel-linux-x86_64-fedora-gcc | 0.7.5 | 111.50 | NOTE | |||
r-devel-windows-x86_64 | 0.7.5 | 15.00 | 92.00 | 107.00 | OK | |
r-devel-windows-x86_64-gcc10-UCRT | 0.7.5 | NOTE | ||||
r-patched-linux-x86_64 | 0.7.5 | 10.47 | 77.07 | 87.54 | OK | |
r-patched-solaris-x86 | 0.7.5 | 148.20 | NOTE | |||
r-release-linux-x86_64 | 0.7.5 | 8.74 | 77.31 | 86.05 | OK | |
r-release-macos-arm64 | 0.7.5 | NOTE | ||||
r-release-macos-x86_64 | 0.7.5 | NOTE | ||||
r-release-windows-ix86+x86_64 | 0.7.5 | 15.00 | 90.00 | 105.00 | OK | |
r-oldrel-macos-x86_64 | 0.7.5 | NOTE | ||||
r-oldrel-windows-ix86+x86_64 | 0.7.5 | 13.00 | 118.00 | 131.00 | OK |
Version: 0.7.5
Check: data for non-ASCII characters
Result: NOTE
Note: found 4145 marked UTF-8 strings
Flavors: r-devel-linux-x86_64-fedora-clang, r-devel-linux-x86_64-fedora-gcc, r-devel-windows-x86_64-gcc10-UCRT, r-patched-solaris-x86, r-release-macos-arm64, r-release-macos-x86_64, r-oldrel-macos-x86_64