CRAN Package Check Results for Package quantoptr

Last updated on 2021-11-01 00:49:49 CET.

Flavor Version Tinstall Tcheck Ttotal Status Flags
r-devel-linux-x86_64-debian-clang 0.1.3 7.51 85.94 93.45 NOTE
r-devel-linux-x86_64-debian-gcc 0.1.3 12.25 107.08 119.33 NOTE
r-devel-linux-x86_64-fedora-clang 0.1.3 204.52 NOTE
r-devel-linux-x86_64-fedora-gcc 0.1.3 117.08 NOTE
r-devel-windows-x86_64 0.1.3 15.00 91.00 106.00 NOTE
r-devel-windows-x86_64-gcc10-UCRT 0.1.3 NOTE
r-patched-linux-x86_64 0.1.3 9.02 84.81 93.83 NOTE
r-patched-solaris-x86 0.1.3 182.50 NOTE
r-release-linux-x86_64 0.1.3 16.16 137.40 153.56 NOTE
r-release-macos-arm64 0.1.3 NOTE
r-release-macos-x86_64 0.1.3 NOTE
r-release-windows-ix86+x86_64 0.1.3 15.00 79.00 94.00 NOTE
r-oldrel-macos-x86_64 0.1.3 OK
r-oldrel-windows-ix86+x86_64 0.1.3 15.00 108.00 123.00 OK

Check Details

Version: 0.1.3
Check: LazyData
Result: NOTE
     'LazyData' is specified without a 'data' directory
Flavors: r-devel-linux-x86_64-debian-clang, r-devel-linux-x86_64-debian-gcc, r-devel-linux-x86_64-fedora-clang, r-devel-linux-x86_64-fedora-gcc, r-devel-windows-x86_64, r-devel-windows-x86_64-gcc10-UCRT, r-patched-linux-x86_64, r-patched-solaris-x86, r-release-linux-x86_64, r-release-macos-arm64, r-release-macos-x86_64, r-release-windows-ix86+x86_64