Last updated on 2021-11-01 00:49:49 CET.
Flavor | Version | Tinstall | Tcheck | Ttotal | Status | Flags |
---|---|---|---|---|---|---|
r-devel-linux-x86_64-debian-clang | 0.94 | 25.48 | 141.29 | 166.77 | NOTE | |
r-devel-linux-x86_64-debian-gcc | 0.94 | 19.98 | 106.35 | 126.33 | NOTE | |
r-devel-linux-x86_64-fedora-clang | 0.94 | 224.44 | NOTE | |||
r-devel-linux-x86_64-fedora-gcc | 0.94 | 216.36 | NOTE | |||
r-devel-windows-x86_64 | 0.94 | 37.00 | 138.00 | 175.00 | NOTE | |
r-devel-windows-x86_64-gcc10-UCRT | 0.94 | NOTE | ||||
r-patched-linux-x86_64 | 0.94 | 26.56 | 132.65 | 159.21 | NOTE | |
r-patched-solaris-x86 | 0.94 | 324.30 | NOTE | |||
r-release-linux-x86_64 | 0.94 | 24.92 | 135.59 | 160.51 | NOTE | |
r-release-macos-arm64 | 0.94 | NOTE | ||||
r-release-macos-x86_64 | 0.94 | NOTE | ||||
r-release-windows-ix86+x86_64 | 0.94 | 46.00 | 206.00 | 252.00 | NOTE | |
r-oldrel-macos-x86_64 | 0.94 | OK | ||||
r-oldrel-windows-ix86+x86_64 | 0.94 | 51.00 | 266.00 | 317.00 | OK |
Version: 0.94
Check: LazyData
Result: NOTE
'LazyData' is specified without a 'data' directory
Flavors: r-devel-linux-x86_64-debian-clang, r-devel-linux-x86_64-debian-gcc, r-devel-linux-x86_64-fedora-clang, r-devel-linux-x86_64-fedora-gcc, r-devel-windows-x86_64, r-devel-windows-x86_64-gcc10-UCRT, r-patched-linux-x86_64, r-patched-solaris-x86, r-release-linux-x86_64, r-release-macos-arm64, r-release-macos-x86_64, r-release-windows-ix86+x86_64