Last updated on 2021-11-01 00:49:49 CET.
Flavor | Version | Tinstall | Tcheck | Ttotal | Status | Flags |
---|---|---|---|---|---|---|
r-devel-linux-x86_64-debian-clang | 0.9.4 | 116.21 | 271.00 | 387.21 | OK | |
r-devel-linux-x86_64-debian-gcc | 0.9.4 | 89.25 | 215.65 | 304.90 | OK | |
r-devel-linux-x86_64-fedora-clang | 0.9.4 | 561.39 | NOTE | |||
r-devel-linux-x86_64-fedora-gcc | 0.9.4 | 557.53 | NOTE | |||
r-devel-windows-x86_64 | 0.9.4 | 163.00 | 323.00 | 486.00 | NOTE | |
r-devel-windows-x86_64-gcc10-UCRT | 0.9.4 | NOTE | ||||
r-patched-linux-x86_64 | 0.9.4 | 108.14 | 242.45 | 350.59 | OK | |
r-patched-solaris-x86 | 0.9.4 | 454.40 | NOTE | |||
r-release-linux-x86_64 | 0.9.4 | 107.26 | 252.72 | 359.98 | OK | |
r-release-macos-arm64 | 0.9.4 | NOTE | ||||
r-release-macos-x86_64 | 0.9.4 | NOTE | ||||
r-release-windows-ix86+x86_64 | 0.9.4 | 219.00 | 343.00 | 562.00 | NOTE | |
r-oldrel-macos-x86_64 | 0.9.4 | NOTE | ||||
r-oldrel-windows-ix86+x86_64 | 0.9.4 | 233.00 | 437.00 | 670.00 | NOTE |
Version: 0.9.4
Check: installed package size
Result: NOTE
installed size is 10.1Mb
sub-directories of 1Mb or more:
data 3.8Mb
libs 5.9Mb
Flavors: r-devel-linux-x86_64-fedora-clang, r-devel-windows-x86_64, r-patched-solaris-x86, r-release-macos-arm64, r-release-macos-x86_64, r-release-windows-ix86+x86_64, r-oldrel-macos-x86_64, r-oldrel-windows-ix86+x86_64
Version: 0.9.4
Check: data for non-ASCII characters
Result: NOTE
Note: found 35707 marked UTF-8 strings
Flavors: r-devel-linux-x86_64-fedora-clang, r-devel-linux-x86_64-fedora-gcc, r-devel-windows-x86_64-gcc10-UCRT, r-patched-solaris-x86, r-release-macos-arm64, r-release-macos-x86_64, r-oldrel-macos-x86_64