CRAN Package Check Results for Package quadtree

Last updated on 2021-11-01 00:49:49 CET.

Flavor Version Tinstall Tcheck Ttotal Status Flags
r-devel-linux-x86_64-debian-clang 0.1.2 101.51 317.92 419.43 OK
r-devel-linux-x86_64-debian-gcc 0.1.2 88.59 238.89 327.48 OK
r-devel-linux-x86_64-fedora-clang 0.1.2 585.61 NOTE
r-devel-linux-x86_64-fedora-gcc 0.1.2 546.10 OK
r-devel-windows-x86_64 0.1.2 148.00 297.00 445.00 OK
r-devel-windows-x86_64-gcc10-UCRT 0.1.2 OK
r-patched-linux-x86_64 0.1.2 97.02 334.53 431.55 OK
r-patched-solaris-x86 0.1.2 551.70 OK
r-release-linux-x86_64 0.1.2 101.65 337.37 439.02 OK
r-release-macos-arm64 0.1.2 NOTE
r-release-macos-x86_64 0.1.2 NOTE
r-release-windows-ix86+x86_64 0.1.2 194.00 412.00 606.00 NOTE
r-oldrel-macos-x86_64 0.1.2 NOTE
r-oldrel-windows-ix86+x86_64 0.1.2 194.00 571.00 765.00 NOTE

Check Details

Version: 0.1.2
Check: installed package size
Result: NOTE
     installed size is 9.3Mb
     sub-directories of 1Mb or more:
     doc 1.6Mb
     libs 6.7Mb
Flavors: r-devel-linux-x86_64-fedora-clang, r-release-macos-arm64, r-release-macos-x86_64, r-release-windows-ix86+x86_64, r-oldrel-macos-x86_64, r-oldrel-windows-ix86+x86_64