CRAN Package Check Results for Package quadrupen

Last updated on 2021-11-01 00:49:49 CET.

Flavor Version Tinstall Tcheck Ttotal Status Flags
r-devel-linux-x86_64-debian-clang 0.2-8 110.48 167.11 277.59 OK
r-devel-linux-x86_64-debian-gcc 0.2-8 92.53 127.52 220.05 OK
r-devel-linux-x86_64-fedora-clang 0.2-8 404.83 NOTE
r-devel-linux-x86_64-fedora-gcc 0.2-8 365.30 OK
r-devel-windows-x86_64 0.2-8 150.00 177.00 327.00 OK
r-devel-windows-x86_64-gcc10-UCRT 0.2-8 OK
r-patched-linux-x86_64 0.2-8 97.59 164.54 262.13 OK
r-patched-solaris-x86 0.2-8 455.40 OK
r-release-linux-x86_64 0.2-8 104.10 166.28 270.38 OK
r-release-macos-arm64 0.2-8 NOTE
r-release-macos-x86_64 0.2-8 NOTE
r-release-windows-ix86+x86_64 0.2-8 221.00 277.00 498.00 OK
r-oldrel-macos-x86_64 0.2-8 NOTE
r-oldrel-windows-ix86+x86_64 0.2-8 213.00 363.00 576.00 OK

Check Details

Version: 0.2-8
Check: installed package size
Result: NOTE
     installed size is 8.0Mb
     sub-directories of 1Mb or more:
     libs 7.6Mb
Flavors: r-devel-linux-x86_64-fedora-clang, r-release-macos-arm64, r-release-macos-x86_64, r-oldrel-macos-x86_64