CRAN Package Check Results for Package quadprogXT

Last updated on 2021-11-01 00:49:49 CET.

Flavor Version Tinstall Tcheck Ttotal Status Flags
r-devel-linux-x86_64-debian-clang 0.0.5 1.92 19.87 21.79 NOTE
r-devel-linux-x86_64-debian-gcc 0.0.5 1.58 15.86 17.44 NOTE
r-devel-linux-x86_64-fedora-clang 0.0.5 38.50 NOTE
r-devel-linux-x86_64-fedora-gcc 0.0.5 27.14 NOTE
r-devel-windows-x86_64 0.0.5 4.00 29.00 33.00 NOTE
r-devel-windows-x86_64-gcc10-UCRT 0.0.5 NOTE
r-patched-linux-x86_64 0.0.5 1.79 19.35 21.14 NOTE
r-patched-solaris-x86 0.0.5 43.90 NOTE
r-release-linux-x86_64 0.0.5 1.77 19.45 21.22 NOTE
r-release-macos-arm64 0.0.5 NOTE
r-release-macos-x86_64 0.0.5 NOTE
r-release-windows-ix86+x86_64 0.0.5 5.00 28.00 33.00 NOTE
r-oldrel-macos-x86_64 0.0.5 OK
r-oldrel-windows-ix86+x86_64 0.0.5 5.00 37.00 42.00 OK

Check Details

Version: 0.0.5
Check: LazyData
Result: NOTE
     'LazyData' is specified without a 'data' directory
Flavors: r-devel-linux-x86_64-debian-clang, r-devel-linux-x86_64-debian-gcc, r-devel-linux-x86_64-fedora-clang, r-devel-linux-x86_64-fedora-gcc, r-devel-windows-x86_64, r-devel-windows-x86_64-gcc10-UCRT, r-patched-linux-x86_64, r-patched-solaris-x86, r-release-linux-x86_64, r-release-macos-arm64, r-release-macos-x86_64, r-release-windows-ix86+x86_64