Last updated on 2021-11-01 00:49:49 CET.
Flavor | Version | Tinstall | Tcheck | Ttotal | Status | Flags |
---|---|---|---|---|---|---|
r-devel-linux-x86_64-debian-clang | 1.1.0 | 23.12 | 157.86 | 180.98 | OK | |
r-devel-linux-x86_64-debian-gcc | 1.1.0 | 16.53 | 115.58 | 132.11 | OK | |
r-devel-linux-x86_64-fedora-clang | 1.1.0 | 232.59 | NOTE | |||
r-devel-linux-x86_64-fedora-gcc | 1.1.0 | 211.50 | OK | |||
r-devel-windows-x86_64 | 1.1.0 | 33.00 | 147.00 | 180.00 | NOTE | |
r-devel-windows-x86_64-gcc10-UCRT | 1.1.0 | OK | ||||
r-patched-linux-x86_64 | 1.1.0 | 23.87 | 148.36 | 172.23 | OK | |
r-patched-solaris-x86 | 1.1.0 | 179.20 | OK | |||
r-release-linux-x86_64 | 1.1.0 | 20.89 | 150.02 | 170.91 | OK | |
r-release-macos-arm64 | 1.1.0 | NOTE | ||||
r-release-macos-x86_64 | 1.1.0 | NOTE | ||||
r-release-windows-ix86+x86_64 | 1.1.0 | 39.00 | 189.00 | 228.00 | NOTE | |
r-oldrel-macos-x86_64 | 1.1.0 | NOTE | ||||
r-oldrel-windows-ix86+x86_64 | 1.1.0 | 41.00 | 219.00 | 260.00 | NOTE |
Version: 1.1.0
Check: installed package size
Result: NOTE
installed size is 5.1Mb
sub-directories of 1Mb or more:
doc 4.4Mb
Flavors: r-devel-linux-x86_64-fedora-clang, r-devel-windows-x86_64, r-release-macos-arm64, r-release-macos-x86_64, r-release-windows-ix86+x86_64, r-oldrel-macos-x86_64, r-oldrel-windows-ix86+x86_64