Last updated on 2021-11-01 00:49:49 CET.
Flavor | Version | Tinstall | Tcheck | Ttotal | Status | Flags |
---|---|---|---|---|---|---|
r-devel-linux-x86_64-debian-clang | 1.1 | 117.01 | 27.29 | 144.30 | NOTE | |
r-devel-linux-x86_64-debian-gcc | 1.1 | 109.69 | 21.40 | 131.09 | NOTE | |
r-devel-linux-x86_64-fedora-clang | 1.1 | 298.56 | NOTE | |||
r-devel-linux-x86_64-fedora-gcc | 1.1 | 244.27 | NOTE | |||
r-devel-windows-x86_64 | 1.1 | 180.00 | 73.00 | 253.00 | NOTE | |
r-devel-windows-x86_64-gcc10-UCRT | 1.1 | NOTE | ||||
r-patched-linux-x86_64 | 1.1 | 131.32 | 26.00 | 157.32 | NOTE | |
r-patched-solaris-x86 | 1.1 | 202.20 | NOTE | |||
r-release-linux-x86_64 | 1.1 | 131.36 | 26.05 | 157.41 | NOTE | |
r-release-macos-arm64 | 1.1 | NOTE | ||||
r-release-macos-x86_64 | 1.1 | NOTE | ||||
r-release-windows-ix86+x86_64 | 1.1 | 263.00 | 65.00 | 328.00 | NOTE | |
r-oldrel-macos-x86_64 | 1.1 | NOTE | ||||
r-oldrel-windows-ix86+x86_64 | 1.1 | 247.00 | 82.00 | 329.00 | NOTE |
Version: 1.1
Check: LazyData
Result: NOTE
'LazyData' is specified without a 'data' directory
Flavors: r-devel-linux-x86_64-debian-clang, r-devel-linux-x86_64-debian-gcc, r-devel-linux-x86_64-fedora-clang, r-devel-linux-x86_64-fedora-gcc, r-devel-windows-x86_64, r-devel-windows-x86_64-gcc10-UCRT, r-patched-linux-x86_64, r-patched-solaris-x86, r-release-linux-x86_64, r-release-macos-arm64, r-release-macos-x86_64, r-release-windows-ix86+x86_64
Version: 1.1
Check: installed package size
Result: NOTE
installed size is 11.0Mb
sub-directories of 1Mb or more:
libs 10.9Mb
Flavors: r-devel-linux-x86_64-fedora-clang, r-release-macos-arm64, r-release-macos-x86_64, r-release-windows-ix86+x86_64, r-oldrel-macos-x86_64, r-oldrel-windows-ix86+x86_64